{"id":773,"date":"2023-07-19T10:46:50","date_gmt":"2023-07-19T08:46:50","guid":{"rendered":"https:\/\/klima-theke.com\/produkt\/wasserbehaelter-edm-33515-ersatzteil\/"},"modified":"2023-09-15T13:55:05","modified_gmt":"2023-09-15T11:55:05","slug":"wasserbehaelter-edm-33515-ersatzteil","status":"publish","type":"product","link":"https:\/\/klima-theke.com\/?product=wasserbehaelter-edm-33515-ersatzteil","title":{"rendered":"Wasserbeh\u00e4lter EDM 33515 Ersatzteil"},"content":{"rendered":"<p>Wenn Sie bei der Einrichtung ihres Heims Wert auf Details legen und bei Produkten, die Ihnen das Leben leichter machen, auf dem letzten Stand sein m\u00f6chten, dann kaufen Sie <b>Wasserbeh\u00e4lter EDM 33515 Ersatzteil<\/b> zum besten Preis.<\/p>\n<ul>\n<li>Art:\n<ul>\n<li>Ventilator<\/li>\n<li>Reservoir<\/li>\n<li>Ersatzteil<\/li>\n<\/ul>\n<\/li>\n<li>Farbe: Blau<\/li>\n<li>Kapazit\u00e4t: 1,5 L<\/li>\n<\/ul>\n","protected":false},"excerpt":{"rendered":"<p>Wenn Sie bei der Einrichtung ihres Heims Wert auf Details legen und bei Produkten, die Ihnen das Leben leichter machen, auf dem letzten Stand sein m\u00f6chten, dann kaufen Sie Wasserbeh\u00e4lter EDM 33515 Ersatzteil zum besten Preis. Art: Ventilator Reservoir Ersatzteil Farbe: Blau Kapazit\u00e4t: 1,5 L<\/p>\n","protected":false},"featured_media":78798,"template":"","meta":[],"product_cat":[34],"product_tag":[],"class_list":{"0":"post-773","1":"product","2":"type-product","3":"status-publish","4":"has-post-thumbnail","6":"product_cat-tisch-standventilatoren","8":"first","9":"instock","10":"taxable","11":"shipping-taxable","12":"purchasable","13":"product-type-simple"},"_links":{"self":[{"href":"https:\/\/klima-theke.com\/index.php?rest_route=\/wp\/v2\/product\/773","targetHints":{"allow":["GET"]}}],"collection":[{"href":"https:\/\/klima-theke.com\/index.php?rest_route=\/wp\/v2\/product"}],"about":[{"href":"https:\/\/klima-theke.com\/index.php?rest_route=\/wp\/v2\/types\/product"}],"wp:featuredmedia":[{"embeddable":true,"href":"https:\/\/klima-theke.com\/index.php?rest_route=\/wp\/v2\/media\/78798"}],"wp:attachment":[{"href":"https:\/\/klima-theke.com\/index.php?rest_route=%2Fwp%2Fv2%2Fmedia&parent=773"}],"wp:term":[{"taxonomy":"product_cat","embeddable":true,"href":"https:\/\/klima-theke.com\/index.php?rest_route=%2Fwp%2Fv2%2Fproduct_cat&post=773"},{"taxonomy":"product_tag","embeddable":true,"href":"https:\/\/klima-theke.com\/index.php?rest_route=%2Fwp%2Fv2%2Fproduct_tag&post=773"}],"curies":[{"name":"wp","href":"https:\/\/api.w.org\/{rel}","templated":true}]}}