{"id":723,"date":"2023-07-19T08:44:06","date_gmt":"2023-07-19T08:44:06","guid":{"rendered":"https:\/\/klima-theke.com\/produkt\/deckenventilator-mit-lampe-farelek-bali-50-w\/"},"modified":"2023-09-06T20:14:26","modified_gmt":"2023-09-06T18:14:26","slug":"deckenventilator-mit-lampe-farelek-bali-50-w","status":"publish","type":"product","link":"https:\/\/klima-theke.com\/?product=deckenventilator-mit-lampe-farelek-bali-50-w","title":{"rendered":"Deckenventilator mit Lampe FARELEK BALI 50 W"},"content":{"rendered":"<p>Wenn Sie bei der Einrichtung ihres Heims Wert auf Details legen und bei Produkten, die Ihnen das Leben leichter machen, auf dem letzten Stand sein m\u00f6chten, dann kaufen Sie <b>Deckenventilator mit Lampe FARELEK BALI 50 W<\/b> zum besten Preis.<\/p>\n<ul>\n<li>Klinge:\n<ul>\n<li>4<\/li>\n<li>Reversibel<\/li>\n<\/ul>\n<\/li>\n<li>Durchmesser: \u00d8 107 cm<\/li>\n<li>Farbe: Wei\u00df<\/li>\n<li>Leistung: 50 W<\/li>\n<\/ul>\n","protected":false},"excerpt":{"rendered":"<p>Wenn Sie bei der Einrichtung ihres Heims Wert auf Details legen und bei Produkten, die Ihnen das Leben leichter machen, auf dem letzten Stand sein m\u00f6chten, dann kaufen Sie Deckenventilator mit Lampe FARELEK BALI 50 W zum besten Preis. Klinge: 4 Reversibel Durchmesser: \u00d8 107 cm Farbe: Wei\u00df Leistung: 50 W<\/p>\n","protected":false},"featured_media":70078,"template":"","meta":[],"product_cat":[36],"product_tag":[],"class_list":{"0":"post-723","1":"product","2":"type-product","3":"status-publish","4":"has-post-thumbnail","6":"product_cat-deckenventilatoren","8":"first","9":"outofstock","10":"taxable","11":"shipping-taxable","12":"purchasable","13":"product-type-simple"},"_links":{"self":[{"href":"https:\/\/klima-theke.com\/index.php?rest_route=\/wp\/v2\/product\/723","targetHints":{"allow":["GET"]}}],"collection":[{"href":"https:\/\/klima-theke.com\/index.php?rest_route=\/wp\/v2\/product"}],"about":[{"href":"https:\/\/klima-theke.com\/index.php?rest_route=\/wp\/v2\/types\/product"}],"wp:featuredmedia":[{"embeddable":true,"href":"https:\/\/klima-theke.com\/index.php?rest_route=\/wp\/v2\/media\/70078"}],"wp:attachment":[{"href":"https:\/\/klima-theke.com\/index.php?rest_route=%2Fwp%2Fv2%2Fmedia&parent=723"}],"wp:term":[{"taxonomy":"product_cat","embeddable":true,"href":"https:\/\/klima-theke.com\/index.php?rest_route=%2Fwp%2Fv2%2Fproduct_cat&post=723"},{"taxonomy":"product_tag","embeddable":true,"href":"https:\/\/klima-theke.com\/index.php?rest_route=%2Fwp%2Fv2%2Fproduct_tag&post=723"}],"curies":[{"name":"wp","href":"https:\/\/api.w.org\/{rel}","templated":true}]}}