{"id":56691,"date":"2023-08-30T07:43:38","date_gmt":"2023-08-30T05:43:38","guid":{"rendered":"https:\/\/klima-theke.com\/produkt\/whirlpool-verkleidung-273x53-cm-akazie-massivholz\/"},"modified":"2023-10-17T15:37:36","modified_gmt":"2023-10-17T13:37:36","slug":"whirlpool-verkleidung-273x53-cm-akazie-massivholz","status":"publish","type":"product","link":"https:\/\/klima-theke.com\/?product=whirlpool-verkleidung-273x53-cm-akazie-massivholz","title":{"rendered":"Whirlpool-Verkleidung 273&#215;53 cm Akazie Massivholz"},"content":{"rendered":"<p>Diese Holzverkleidung ist ein vielseitiges Accessoire f\u00fcr Ihren Whirlpool. Sie verleiht dem Spa ein elegantes Aussehen und schafft gleichzeitig einen praktischen und benutzerfreundlicheren Bereich. Die Whirlpool-Verkleidung ist aus wetterbest\u00e4ndigem Akazienholz gefertigt, das mit nat\u00fcrlichem \u00d6l behandelt worden ist. Dadurch ist sie leicht zu reinigen und f\u00fcr den t\u00e4glichen Gebrauch geeignet. Der pulverbeschichtete Aluminiumrahmen macht die Whirlpool-Umkleidung stark und robust. Sie werden den Komfort und die Langlebigkeit dieser Verkleidung sicher sch\u00e4tzen!<\/p>\n<ul>\n<li>Material: Massives Akazienholz mit nat\u00fcrlichem \u00d6lfinish, Aluminium<\/li>\n<li>Abmessungen: 273 x 53 cm (Durchmesser x H)<\/li>\n<li>Innendurchmesser: 203 cm<\/li>\n<li>Witterungsbest\u00e4ndig<\/li>\n<li>Whirlpool ist nicht inbegriffen<\/li>\n<li>Zusammenbau erforderlich: Ja<\/li>\n<\/ul>\n","protected":false},"excerpt":{"rendered":"<p>Diese Holzverkleidung ist ein vielseitiges Accessoire f\u00fcr Ihren Whirlpool. Sie verleiht dem Spa ein elegantes Aussehen und schafft gleichzeitig einen praktischen und benutzerfreundlicheren Bereich. Die Whirlpool-Verkleidung ist aus wetterbest\u00e4ndigem Akazienholz gefertigt, das mit nat\u00fcrlichem \u00d6l behandelt worden ist. Dadurch ist sie leicht zu reinigen und f\u00fcr den t\u00e4glichen Gebrauch geeignet. Der pulverbeschichtete Aluminiumrahmen macht die [&#8230;]\n","protected":false},"featured_media":113871,"template":"","meta":[],"product_cat":[113],"product_tag":[],"class_list":{"0":"post-56691","1":"product","2":"type-product","3":"status-publish","4":"has-post-thumbnail","6":"product_cat-pool-whirlpool-zubehoer","7":"product_shipping_class-spedition-light","9":"first","10":"instock","11":"taxable","12":"shipping-taxable","13":"purchasable","14":"product-type-simple"},"_links":{"self":[{"href":"https:\/\/klima-theke.com\/index.php?rest_route=\/wp\/v2\/product\/56691","targetHints":{"allow":["GET"]}}],"collection":[{"href":"https:\/\/klima-theke.com\/index.php?rest_route=\/wp\/v2\/product"}],"about":[{"href":"https:\/\/klima-theke.com\/index.php?rest_route=\/wp\/v2\/types\/product"}],"wp:featuredmedia":[{"embeddable":true,"href":"https:\/\/klima-theke.com\/index.php?rest_route=\/wp\/v2\/media\/113871"}],"wp:attachment":[{"href":"https:\/\/klima-theke.com\/index.php?rest_route=%2Fwp%2Fv2%2Fmedia&parent=56691"}],"wp:term":[{"taxonomy":"product_cat","embeddable":true,"href":"https:\/\/klima-theke.com\/index.php?rest_route=%2Fwp%2Fv2%2Fproduct_cat&post=56691"},{"taxonomy":"product_tag","embeddable":true,"href":"https:\/\/klima-theke.com\/index.php?rest_route=%2Fwp%2Fv2%2Fproduct_tag&post=56691"}],"curies":[{"name":"wp","href":"https:\/\/api.w.org\/{rel}","templated":true}]}}