{"id":56669,"date":"2023-08-30T07:43:22","date_gmt":"2023-08-30T05:43:22","guid":{"rendered":"https:\/\/klima-theke.com\/produkt\/whirlpool-umrandung-grau-poly-rattan\/"},"modified":"2023-10-13T14:56:53","modified_gmt":"2023-10-13T12:56:53","slug":"whirlpool-umrandung-grau-poly-rattan","status":"publish","type":"product","link":"https:\/\/klima-theke.com\/?product=whirlpool-umrandung-grau-poly-rattan","title":{"rendered":"Whirlpool-Umrandung Grau Poly Rattan"},"content":{"rendered":"<p>Diese stilvolle Whirlpool-Poolumrandung aus Poly-Rattan ist ein vielseitiges Zubeh\u00f6r f\u00fcr Ihren Whirlpool. Sie verleiht dem Pool ein schickes und modernes Aussehen und schafft gleichzeitig einen funktionalen und benutzerfreundlichen Bereich. Mit integriertem Stauraum und einer Aussparung f\u00fcr beispielsweise einen Stromerzeuger h\u00e4lt die Whirlpool-Verkleidung alle wichtigen Dinge \u00fcbersichtlich und in Reichweite. Der robuste Stahlrahmen und das wetterfeste tropische Eukalyptus-Hartholz halten starkem Verkehr stand und sind \u00e4u\u00dferst langlebig. Sie werden den Komfort, die Haltbarkeit und das Flechtdesign dieser Poolverkleidung zu sch\u00e4tzen wissen!<\/p>\n<ul>\n<li>Farbe: Grau<\/li>\n<li>Material: PE-Rattan + pulverbeschichteter Stahlrahmen + tropisches Eukalyptus-Hartholz<\/li>\n<li>Au\u00dfendurchmesser: 283 cm<\/li>\n<li>Innendurchmesser: 203 cm<\/li>\n<li>H\u00f6he: 25 &#8211; 55 cm<\/li>\n<li>Geeignet f\u00fcr Stromaggregat Durchmesser: 42 cm (nicht im Lieferumfang enthalten)<\/li>\n<\/ul>\n","protected":false},"excerpt":{"rendered":"<p>Diese stilvolle Whirlpool-Poolumrandung aus Poly-Rattan ist ein vielseitiges Zubeh\u00f6r f\u00fcr Ihren Whirlpool. Sie verleiht dem Pool ein schickes und modernes Aussehen und schafft gleichzeitig einen funktionalen und benutzerfreundlichen Bereich. Mit integriertem Stauraum und einer Aussparung f\u00fcr beispielsweise einen Stromerzeuger h\u00e4lt die Whirlpool-Verkleidung alle wichtigen Dinge \u00fcbersichtlich und in Reichweite. Der robuste Stahlrahmen und das wetterfeste [&#8230;]\n","protected":false},"featured_media":109290,"template":"","meta":[],"product_cat":[113],"product_tag":[],"class_list":{"0":"post-56669","1":"product","2":"type-product","3":"status-publish","4":"has-post-thumbnail","6":"product_cat-pool-whirlpool-zubehoer","7":"product_shipping_class-spedition-light","9":"first","10":"instock","11":"taxable","12":"shipping-taxable","13":"purchasable","14":"product-type-simple"},"_links":{"self":[{"href":"https:\/\/klima-theke.com\/index.php?rest_route=\/wp\/v2\/product\/56669","targetHints":{"allow":["GET"]}}],"collection":[{"href":"https:\/\/klima-theke.com\/index.php?rest_route=\/wp\/v2\/product"}],"about":[{"href":"https:\/\/klima-theke.com\/index.php?rest_route=\/wp\/v2\/types\/product"}],"wp:featuredmedia":[{"embeddable":true,"href":"https:\/\/klima-theke.com\/index.php?rest_route=\/wp\/v2\/media\/109290"}],"wp:attachment":[{"href":"https:\/\/klima-theke.com\/index.php?rest_route=%2Fwp%2Fv2%2Fmedia&parent=56669"}],"wp:term":[{"taxonomy":"product_cat","embeddable":true,"href":"https:\/\/klima-theke.com\/index.php?rest_route=%2Fwp%2Fv2%2Fproduct_cat&post=56669"},{"taxonomy":"product_tag","embeddable":true,"href":"https:\/\/klima-theke.com\/index.php?rest_route=%2Fwp%2Fv2%2Fproduct_tag&post=56669"}],"curies":[{"name":"wp","href":"https:\/\/api.w.org\/{rel}","templated":true}]}}