{"id":56597,"date":"2023-08-30T07:42:31","date_gmt":"2023-08-30T05:42:31","guid":{"rendered":"https:\/\/klima-theke.com\/produkt\/bestway-flowclear-pool-reinigungsset-aquaclean\/"},"modified":"2023-10-26T08:43:19","modified_gmt":"2023-10-26T06:43:19","slug":"bestway-flowclear-pool-reinigungsset-aquaclean","status":"publish","type":"product","link":"https:\/\/klima-theke.com\/?product=bestway-flowclear-pool-reinigungsset-aquaclean","title":{"rendered":"Bestway Flowclear Pool-Reinigungsset AquaClean"},"content":{"rendered":"<p>Das AquaClean Pool-Reinigungsset von Bestway bietet dem Poolbesitzer die perfekte Alternative zur manuellen Reinigung von Poolverunreinigungen. Befestigen Sie es einfach an Ihrer Filterpumpe und Sie haben einen leistungsstarken, leichten Poolsauger mit einem extra langen Schlauch direkt zur Hand, um Ihre Poolwand und Ihren Boden leicht zu reinigen. Das mitgelieferte Pool-Skimmer-Netz nimmt Bl\u00e4tter auf, w\u00e4hrend der Poolsauger Algen, Schmutz und Grimm aufsaugt. Die extra lange Aluminiumstange erm\u00f6glicht es dem Sauger und Skimmer, schwer zug\u00e4ngliche Bereiche zu reinigen. Der Schmutz wird in einem herausnehmbaren und wiederverwendbaren Schuttbeutel gesammelt. Dieses Wartungsset ist f\u00fcr Filterpumpen mit einer Durchflussrate von 2006 L\/h oder h\u00f6her geeignet und eignet sich ideal f\u00fcr alle oberirdischen Pools.<\/p>\n<ul>\n<li>Haltbarer und korrosionsbest\u00e4ndiger Kunststoff<\/li>\n<li>Inklusive 2,79 m lange, verl\u00e4ngerbare Aluminiumstange f\u00fcr Pools mit gro\u00dfem Durchmesser<\/li>\n<li>Stangenl\u00e4nge einstellbar von 1,1 m bis 2,79 m<\/li>\n<li>Herausnehmbarer und wiederverwendbarer Schmutz- und Blattsammelbeh\u00e4lter<\/li>\n<li>Extra langer 7,5 m Saugerschlauch (32 mm Durchmesser)<\/li>\n<li>Sauger hat einen einteiligen Reinigungskopf<\/li>\n<li>Skimmer hat ein strapazierf\u00e4higes Maschennetz<\/li>\n<li>Kann an Ihre Filterpumpe zum Absch\u00f6pfen und Absaugen angebaut werden.<\/li>\n<li>Geeignet f\u00fcr Aufstellpools mit einem Durchmesser von bis zu 6,1 m<\/li>\n<li>Geeignet f\u00fcr Filterpumpen mit einer F\u00f6rderleistung von 2006 L\/h oder mehr<\/li>\n<li>Zur Verwendung an allen oberirdischen Pools <\/li>\n<li><strong>Multifunktional<\/strong>:<\/li>\n<li>Vakuum-Sauger: Funktioniert mit der Filterpumpe zur Reinigung der Poolw\u00e4nde und des Bodens<\/li>\n<li>Kescher-Netz: Manuelles Entfernen von Treibgut<\/li>\n<li>Bestway Artikelnummer: 58234<\/li>\n<li><strong>Lieferung enth\u00e4lt<\/strong>:<\/li>\n<li>1 x Stange<\/li>\n<li>1 x Maschennetz<\/li>\n<li>1 x Sauger<\/li>\n<li>1 \u00d7 Schlauch<\/li>\n<\/ul>\n","protected":false},"excerpt":{"rendered":"<p>Das AquaClean Pool-Reinigungsset von Bestway bietet dem Poolbesitzer die perfekte Alternative zur manuellen Reinigung von Poolverunreinigungen. Befestigen Sie es einfach an Ihrer Filterpumpe und Sie haben einen leistungsstarken, leichten Poolsauger mit einem extra langen Schlauch direkt zur Hand, um Ihre Poolwand und Ihren Boden leicht zu reinigen. Das mitgelieferte Pool-Skimmer-Netz nimmt Bl\u00e4tter auf, w\u00e4hrend der [&#8230;]\n","protected":false},"featured_media":121549,"template":"","meta":[],"product_cat":[113],"product_tag":[],"class_list":{"0":"post-56597","1":"product","2":"type-product","3":"status-publish","4":"has-post-thumbnail","6":"product_cat-pool-whirlpool-zubehoer","8":"first","9":"instock","10":"taxable","11":"shipping-taxable","12":"purchasable","13":"product-type-simple"},"_links":{"self":[{"href":"https:\/\/klima-theke.com\/index.php?rest_route=\/wp\/v2\/product\/56597","targetHints":{"allow":["GET"]}}],"collection":[{"href":"https:\/\/klima-theke.com\/index.php?rest_route=\/wp\/v2\/product"}],"about":[{"href":"https:\/\/klima-theke.com\/index.php?rest_route=\/wp\/v2\/types\/product"}],"wp:featuredmedia":[{"embeddable":true,"href":"https:\/\/klima-theke.com\/index.php?rest_route=\/wp\/v2\/media\/121549"}],"wp:attachment":[{"href":"https:\/\/klima-theke.com\/index.php?rest_route=%2Fwp%2Fv2%2Fmedia&parent=56597"}],"wp:term":[{"taxonomy":"product_cat","embeddable":true,"href":"https:\/\/klima-theke.com\/index.php?rest_route=%2Fwp%2Fv2%2Fproduct_cat&post=56597"},{"taxonomy":"product_tag","embeddable":true,"href":"https:\/\/klima-theke.com\/index.php?rest_route=%2Fwp%2Fv2%2Fproduct_tag&post=56597"}],"curies":[{"name":"wp","href":"https:\/\/api.w.org\/{rel}","templated":true}]}}