{"id":56576,"date":"2023-08-30T07:42:16","date_gmt":"2023-08-30T05:42:16","guid":{"rendered":"https:\/\/klima-theke.com\/produkt\/bestway-lay-z-spa-pool-sonnendach-183x94x109-cm\/"},"modified":"2023-10-18T19:19:23","modified_gmt":"2023-10-18T17:19:23","slug":"bestway-lay-z-spa-pool-sonnendach-183x94x109-cm","status":"publish","type":"product","link":"https:\/\/klima-theke.com\/?product=bestway-lay-z-spa-pool-sonnendach-183x94x109-cm","title":{"rendered":"Bestway Lay-Z-Spa Pool-Sonnendach 183x94x109 cm"},"content":{"rendered":"<p>Das Lay-Z-Spa Schutzdach von Bestway ist das ultimative Zubeh\u00f6r, da es Ihrem Spa einen Hauch von Luxus verleiht und gleichzeitig Schatten und Sonnenschutz bietet. Die Polyesterplane mit UV-Beschichtung bietet die perfekte Schattenl\u00f6sung und sorgt gleichzeitig f\u00fcr einen sauberen und raffinierten Look. Dar\u00fcber hinaus erm\u00f6glichen die engmaschigen Mesh-Bel\u00fcftungsfenster eine angenehme Luftstr\u00f6mung in den Spa-Bereich. Dieses Sonnenschutzdach ist f\u00fcr alle Bestway Whirlpools au\u00dfer St. Lucia und Vancouver geeignet. Das Lay-Z-Spa Whirlpool-Sonnendach ist das perfekte Zubeh\u00f6r f\u00fcr Ihre Gartenbed\u00fcrfnisse!<\/p>\n<ul>\n<li>Material: Stoff (100 % Polyester PU 1000 MM) mit UV-Beschichtung<\/li>\n<li>Abmessungen: 183 x 94 x 109 cm (L x B x H)<\/li>\n<li>Stoff mit UV-Schutz<\/li>\n<li>Passt an alle Bestway-Whirlpools (au\u00dfer St. Lucia und Vancouver)<\/li>\n<li>Mit engmaschigen, bel\u00fcfteten Netzfenstern<\/li>\n<li>Zwei abnehmbare Spannseile f\u00fcr Stabilit\u00e4t<\/li>\n<li>Bestway Artikelnummer: 60304<\/li>\n<li>Lieferung enth\u00e4lt:<\/li>\n<li>1 x Zelt<\/li>\n<li>3 x Stange<\/li>\n<li>2 x Spannseil<\/li>\n<li>1 x Aufbewahrungstasche<\/li>\n<\/ul>\n","protected":false},"excerpt":{"rendered":"<p>Das Lay-Z-Spa Schutzdach von Bestway ist das ultimative Zubeh\u00f6r, da es Ihrem Spa einen Hauch von Luxus verleiht und gleichzeitig Schatten und Sonnenschutz bietet. Die Polyesterplane mit UV-Beschichtung bietet die perfekte Schattenl\u00f6sung und sorgt gleichzeitig f\u00fcr einen sauberen und raffinierten Look. Dar\u00fcber hinaus erm\u00f6glichen die engmaschigen Mesh-Bel\u00fcftungsfenster eine angenehme Luftstr\u00f6mung in den Spa-Bereich. Dieses Sonnenschutzdach [&#8230;]\n","protected":false},"featured_media":115579,"template":"","meta":[],"product_cat":[113],"product_tag":[],"class_list":{"0":"post-56576","1":"product","2":"type-product","3":"status-publish","4":"has-post-thumbnail","6":"product_cat-pool-whirlpool-zubehoer","8":"first","9":"instock","10":"taxable","11":"shipping-taxable","12":"purchasable","13":"product-type-simple"},"_links":{"self":[{"href":"https:\/\/klima-theke.com\/index.php?rest_route=\/wp\/v2\/product\/56576","targetHints":{"allow":["GET"]}}],"collection":[{"href":"https:\/\/klima-theke.com\/index.php?rest_route=\/wp\/v2\/product"}],"about":[{"href":"https:\/\/klima-theke.com\/index.php?rest_route=\/wp\/v2\/types\/product"}],"wp:featuredmedia":[{"embeddable":true,"href":"https:\/\/klima-theke.com\/index.php?rest_route=\/wp\/v2\/media\/115579"}],"wp:attachment":[{"href":"https:\/\/klima-theke.com\/index.php?rest_route=%2Fwp%2Fv2%2Fmedia&parent=56576"}],"wp:term":[{"taxonomy":"product_cat","embeddable":true,"href":"https:\/\/klima-theke.com\/index.php?rest_route=%2Fwp%2Fv2%2Fproduct_cat&post=56576"},{"taxonomy":"product_tag","embeddable":true,"href":"https:\/\/klima-theke.com\/index.php?rest_route=%2Fwp%2Fv2%2Fproduct_tag&post=56576"}],"curies":[{"name":"wp","href":"https:\/\/api.w.org\/{rel}","templated":true}]}}