{"id":55,"date":"2023-07-16T07:05:52","date_gmt":"2023-07-16T05:05:52","guid":{"rendered":"https:\/\/klima-theke.com\/produkt\/deckenventilator-farelek-weiss\/"},"modified":"2023-10-11T22:36:22","modified_gmt":"2023-10-11T20:36:22","slug":"deckenventilator-farelek-weiss","status":"publish","type":"product","link":"https:\/\/klima-theke.com\/?product=deckenventilator-farelek-weiss","title":{"rendered":"Deckenventilator FARELEK Wei\u00df"},"content":{"rendered":"<p>Wenn Sie Haushaltsger\u00e4te zum besten Gro\u00dfhandelspreis suchen, dann verpassen Sie nicht Ihre Chance auf <b>Deckenventilator FARELEK Wei\u00df<\/b> sowie ein breites Sortiment an kleinen Haushaltsger\u00e4ten!<\/p>\n<ul>\n<li>Klinge: 3<\/li>\n<li>Art: Deckenventilator<\/li>\n<li>Farbe: Wei\u00df<\/li>\n<li>Material: Holz<\/li>\n<li>Steckertyp: EU-Stecker<\/li>\n<\/ul>\n","protected":false},"excerpt":{"rendered":"<p>Wenn Sie Haushaltsger\u00e4te zum besten Gro\u00dfhandelspreis suchen, dann verpassen Sie nicht Ihre Chance auf Deckenventilator FARELEK Wei\u00df sowie ein breites Sortiment an kleinen Haushaltsger\u00e4ten! Klinge: 3 Art: Deckenventilator Farbe: Wei\u00df Material: Holz Steckertyp: EU-Stecker<\/p>\n","protected":false},"featured_media":107582,"template":"","meta":[],"product_cat":[36],"product_tag":[],"class_list":{"0":"post-55","1":"product","2":"type-product","3":"status-publish","4":"has-post-thumbnail","6":"product_cat-deckenventilatoren","8":"first","9":"instock","10":"taxable","11":"shipping-taxable","12":"purchasable","13":"product-type-simple"},"_links":{"self":[{"href":"https:\/\/klima-theke.com\/index.php?rest_route=\/wp\/v2\/product\/55","targetHints":{"allow":["GET"]}}],"collection":[{"href":"https:\/\/klima-theke.com\/index.php?rest_route=\/wp\/v2\/product"}],"about":[{"href":"https:\/\/klima-theke.com\/index.php?rest_route=\/wp\/v2\/types\/product"}],"wp:featuredmedia":[{"embeddable":true,"href":"https:\/\/klima-theke.com\/index.php?rest_route=\/wp\/v2\/media\/107582"}],"wp:attachment":[{"href":"https:\/\/klima-theke.com\/index.php?rest_route=%2Fwp%2Fv2%2Fmedia&parent=55"}],"wp:term":[{"taxonomy":"product_cat","embeddable":true,"href":"https:\/\/klima-theke.com\/index.php?rest_route=%2Fwp%2Fv2%2Fproduct_cat&post=55"},{"taxonomy":"product_tag","embeddable":true,"href":"https:\/\/klima-theke.com\/index.php?rest_route=%2Fwp%2Fv2%2Fproduct_tag&post=55"}],"curies":[{"name":"wp","href":"https:\/\/api.w.org\/{rel}","templated":true}]}}

Deckenventilator FARELEK Weiß

<p>Wenn Sie Haushaltsgeräte zum besten Großhandelspreis suchen, dann verpassen Sie nicht Ihre Chance auf <b>Deckenventilator FARELEK Weiß</b> sowie ein breites Sortiment an kleinen Haushaltsgeräten!</p>
<ul>
<li>Klinge: 3</li>
<li>Art: Deckenventilator</li>
<li>Farbe: Weiß</li>
<li>Material: Holz</li>
<li>Steckertyp: EU-Stecker</li>
</ul>

<p>Wenn Sie Haushaltsgeräte zum besten Großhandelspreis suchen, dann verpassen Sie nicht Ihre Chance auf Deckenventilator FARELEK Weiß sowie ein breites Sortiment an kleinen Haushaltsgeräten! Klinge: 3 Art: Deckenventilator Farbe: Weiß Material: Holz Steckertyp: EU-Stecker</p>
