{"id":50371,"date":"2023-08-25T08:28:15","date_gmt":"2023-08-25T06:28:15","guid":{"rendered":"https:\/\/klima-theke.com\/produkt\/eisl-badheizkoerper-mit-timer-weiss-80x50x15-cm\/"},"modified":"2023-10-17T14:29:41","modified_gmt":"2023-10-17T12:29:41","slug":"eisl-badheizkoerper-mit-timer-weiss-80x50x15-cm","status":"publish","type":"product","link":"https:\/\/klima-theke.com\/?product=eisl-badheizkoerper-mit-timer-weiss-80x50x15-cm","title":{"rendered":"EISL Badheizk\u00f6rper mit Timer Wei\u00df 80x50x15 cm"},"content":{"rendered":"<p>Dieser Badheizk\u00f6rper von EISL ist eine perfekte Kombination aus Funktion und Design. Mit seinem modernen Design eignet er sich hervorragend als Handtuchhalter oder Handtuchw\u00e4rmer. Der Heizk\u00f6rper mit den Ma\u00dfen 50 x 80 cm ist aus pulverbeschichtetem Stahl und in wei\u00df. Der Wandheizk\u00f6rper ben\u00f6tigt zum Betrieb lediglich einen Stromanschluss und l\u00e4sst sich problemlos im Badezimmer installieren. Es enth\u00e4lt auch einen Timer f\u00fcr zus\u00e4tzlichen Komfort.<\/p>\n<ul>\n<li>Farbe: Wei\u00df<\/li>\n<li>Material: Stahl<\/li>\n<li>Abmessungen: 80 x 50 x 15 cm (L x B x H)<\/li>\n<li>Leistung: 230 V ~, 50 Hz<\/li>\n<li>Heizleistung: 300 W<\/li>\n<li>Mit vielen Funktionsstufen (Wochenmodus, Frostschutz, Fenster, &#8230;)<\/li>\n<li>Mit einem Timer<\/li>\n<li>Als Handtuchhalter geeignet<\/li>\n<\/ul>\n","protected":false},"excerpt":{"rendered":"<p>Dieser Badheizk\u00f6rper von EISL ist eine perfekte Kombination aus Funktion und Design. Mit seinem modernen Design eignet er sich hervorragend als Handtuchhalter oder Handtuchw\u00e4rmer. Der Heizk\u00f6rper mit den Ma\u00dfen 50 x 80 cm ist aus pulverbeschichtetem Stahl und in wei\u00df. Der Wandheizk\u00f6rper ben\u00f6tigt zum Betrieb lediglich einen Stromanschluss und l\u00e4sst sich problemlos im Badezimmer installieren. [&#8230;]\n","protected":false},"featured_media":113691,"template":"","meta":[],"product_cat":[38],"product_tag":[],"class_list":{"0":"post-50371","1":"product","2":"type-product","3":"status-publish","4":"has-post-thumbnail","6":"product_cat-heizungen-zubehoer","8":"first","9":"outofstock","10":"taxable","11":"shipping-taxable","12":"purchasable","13":"product-type-simple"},"_links":{"self":[{"href":"https:\/\/klima-theke.com\/index.php?rest_route=\/wp\/v2\/product\/50371","targetHints":{"allow":["GET"]}}],"collection":[{"href":"https:\/\/klima-theke.com\/index.php?rest_route=\/wp\/v2\/product"}],"about":[{"href":"https:\/\/klima-theke.com\/index.php?rest_route=\/wp\/v2\/types\/product"}],"wp:featuredmedia":[{"embeddable":true,"href":"https:\/\/klima-theke.com\/index.php?rest_route=\/wp\/v2\/media\/113691"}],"wp:attachment":[{"href":"https:\/\/klima-theke.com\/index.php?rest_route=%2Fwp%2Fv2%2Fmedia&parent=50371"}],"wp:term":[{"taxonomy":"product_cat","embeddable":true,"href":"https:\/\/klima-theke.com\/index.php?rest_route=%2Fwp%2Fv2%2Fproduct_cat&post=50371"},{"taxonomy":"product_tag","embeddable":true,"href":"https:\/\/klima-theke.com\/index.php?rest_route=%2Fwp%2Fv2%2Fproduct_tag&post=50371"}],"curies":[{"name":"wp","href":"https:\/\/api.w.org\/{rel}","templated":true}]}}

EISL Badheizkörper mit Timer Weiß 80x50x15 cm

<p>Dieser Badheizkörper von EISL ist eine perfekte Kombination aus Funktion und Design. Mit seinem modernen Design eignet er sich hervorragend als Handtuchhalter oder Handtuchwärmer. Der Heizkörper mit den Maßen 50 x 80 cm ist aus pulverbeschichtetem Stahl und in weiß. Der Wandheizkörper benötigt zum Betrieb lediglich einen Stromanschluss und lässt sich problemlos im Badezimmer installieren. Es enthält auch einen Timer für zusätzlichen Komfort.</p>
<ul>
<li>Farbe: Weiß</li>
<li>Material: Stahl</li>
<li>Abmessungen: 80 x 50 x 15 cm (L x B x H)</li>
<li>Leistung: 230 V ~, 50 Hz</li>
<li>Heizleistung: 300 W</li>
<li>Mit vielen Funktionsstufen (Wochenmodus, Frostschutz, Fenster, &#8230;)</li>
<li>Mit einem Timer</li>
<li>Als Handtuchhalter geeignet</li>
</ul>

<p>Dieser Badheizkörper von EISL ist eine perfekte Kombination aus Funktion und Design. Mit seinem modernen Design eignet er sich hervorragend als Handtuchhalter oder Handtuchwärmer. Der Heizkörper mit den Maßen 50 x 80 cm ist aus pulverbeschichtetem Stahl und in weiß. Der Wandheizkörper benötigt zum Betrieb lediglich einen Stromanschluss und lässt sich problemlos im Badezimmer installieren. [&#8230;]
