{"id":4980,"date":"2023-07-19T12:06:09","date_gmt":"2023-07-19T10:06:09","guid":{"rendered":"https:\/\/klima-theke.com\/produkt\/tragbarer-heizluefter-mecafer-mh2000-2000-w\/"},"modified":"2023-10-30T09:09:27","modified_gmt":"2023-10-30T07:09:27","slug":"tragbarer-heizluefter-mecafer-mh2000-2000-w","status":"publish","type":"product","link":"https:\/\/klima-theke.com\/?product=tragbarer-heizluefter-mecafer-mh2000-2000-w","title":{"rendered":"Tragbarer Heizl\u00fcfter MECAFER MH2000 2000 W"},"content":{"rendered":"<p>Wenn Sie bei der Einrichtung ihres Heims Wert auf Details legen und bei Produkten, die Ihnen das Leben leichter machen, auf dem letzten Stand sein m\u00f6chten, dann kaufen Sie <b>Tragbarer Heizl\u00fcfter MECAFER MH2000 2000 W<\/b> zum besten Preis.<\/p>\n<ul>\n<li>Leistung: 2000 W<\/li>\n<li>Empfohlene verwendung: \u00c4u\u00dferst praktisch f\u00fcr Wohnh\u00e4user, Gesch\u00e4fte, Campingpl\u00e4tze, Autos, Garagen, Boote, usw.<\/li>\n<li>Merkmale: Verstellbarer Thermostat<\/li>\n<li>Material: Keramische Beschichtung<\/li>\n<\/ul>\n","protected":false},"excerpt":{"rendered":"<p>Wenn Sie bei der Einrichtung ihres Heims Wert auf Details legen und bei Produkten, die Ihnen das Leben leichter machen, auf dem letzten Stand sein m\u00f6chten, dann kaufen Sie Tragbarer Heizl\u00fcfter MECAFER MH2000 2000 W zum besten Preis. Leistung: 2000 W Empfohlene verwendung: \u00c4u\u00dferst praktisch f\u00fcr Wohnh\u00e4user, Gesch\u00e4fte, Campingpl\u00e4tze, Autos, Garagen, Boote, usw. Merkmale: Verstellbarer [&#8230;]\n","protected":false},"featured_media":124857,"template":"","meta":[],"product_cat":[117],"product_tag":[],"class_list":{"0":"post-4980","1":"product","2":"type-product","3":"status-publish","4":"has-post-thumbnail","6":"product_cat-heizluefter","8":"first","9":"outofstock","10":"taxable","11":"shipping-taxable","12":"purchasable","13":"product-type-simple"},"_links":{"self":[{"href":"https:\/\/klima-theke.com\/index.php?rest_route=\/wp\/v2\/product\/4980","targetHints":{"allow":["GET"]}}],"collection":[{"href":"https:\/\/klima-theke.com\/index.php?rest_route=\/wp\/v2\/product"}],"about":[{"href":"https:\/\/klima-theke.com\/index.php?rest_route=\/wp\/v2\/types\/product"}],"wp:featuredmedia":[{"embeddable":true,"href":"https:\/\/klima-theke.com\/index.php?rest_route=\/wp\/v2\/media\/124857"}],"wp:attachment":[{"href":"https:\/\/klima-theke.com\/index.php?rest_route=%2Fwp%2Fv2%2Fmedia&parent=4980"}],"wp:term":[{"taxonomy":"product_cat","embeddable":true,"href":"https:\/\/klima-theke.com\/index.php?rest_route=%2Fwp%2Fv2%2Fproduct_cat&post=4980"},{"taxonomy":"product_tag","embeddable":true,"href":"https:\/\/klima-theke.com\/index.php?rest_route=%2Fwp%2Fv2%2Fproduct_tag&post=4980"}],"curies":[{"name":"wp","href":"https:\/\/api.w.org\/{rel}","templated":true}]}}