{"id":4560,"date":"2023-07-19T11:56:40","date_gmt":"2023-07-19T09:56:40","guid":{"rendered":"https:\/\/klima-theke.com\/produkt\/luftbefeuchter-purearoma-550-connected-sunlight-cecotec-500-ml\/"},"modified":"2023-09-30T20:29:33","modified_gmt":"2023-09-30T18:29:33","slug":"luftbefeuchter-purearoma-550-connected-sunlight-cecotec-500-ml","status":"publish","type":"product","link":"https:\/\/klima-theke.com\/?product=luftbefeuchter-purearoma-550-connected-sunlight-cecotec-500-ml","title":{"rendered":"Luftbefeuchter PureAroma 550 Connected SunLight Cecotec (500 ml)"},"content":{"rendered":"<p>Wenn Sie Haushaltsger\u00e4te zum besten Gro\u00dfhandelspreis suchen, dann verpassen Sie nicht Ihre Chance auf <b>Luftbefeuchter PureAroma 550 Connected SunLight Cecotec (500 ml)<\/b> sowie ein breites Sortiment an kleinen Haushaltsger\u00e4ten!<\/p>\n<ul>\n<li>Kapazit\u00e4t: 500 ml<\/li>\n<li>Kompatibilit\u00e4t: Smartphone<\/li>\n<li>Reichweite: 30 m\u00b2<\/li>\n<li>Merkmale:\n<ul>\n<li>LED-Screen<\/li>\n<li>Lautsprecher<\/li>\n<\/ul>\n<\/li>\n<li>Zeitschaltuhr: 12 Stunden<\/li>\n<li>Beleuchtung:\n<ul>\n<li>LED<\/li>\n<li>7 Farben<\/li>\n<\/ul>\n<\/li>\n<li>Funktion: Wecker<\/li>\n<li>Konnektivit\u00e4t: Bluetooth<\/li>\n<\/ul>\n","protected":false},"excerpt":{"rendered":"<p>Wenn Sie Haushaltsger\u00e4te zum besten Gro\u00dfhandelspreis suchen, dann verpassen Sie nicht Ihre Chance auf Luftbefeuchter PureAroma 550 Connected SunLight Cecotec (500 ml) sowie ein breites Sortiment an kleinen Haushaltsger\u00e4ten! Kapazit\u00e4t: 500 ml Kompatibilit\u00e4t: Smartphone Reichweite: 30 m\u00b2 Merkmale: LED-Screen Lautsprecher Zeitschaltuhr: 12 Stunden Beleuchtung: LED 7 Farben Funktion: Wecker Konnektivit\u00e4t: Bluetooth<\/p>\n","protected":false},"featured_media":90569,"template":"","meta":[],"product_cat":[35],"product_tag":[],"class_list":{"0":"post-4560","1":"product","2":"type-product","3":"status-publish","4":"has-post-thumbnail","6":"product_cat-luftbefeuchter-diffusor","8":"first","9":"instock","10":"taxable","11":"shipping-taxable","12":"purchasable","13":"product-type-simple"},"_links":{"self":[{"href":"https:\/\/klima-theke.com\/index.php?rest_route=\/wp\/v2\/product\/4560","targetHints":{"allow":["GET"]}}],"collection":[{"href":"https:\/\/klima-theke.com\/index.php?rest_route=\/wp\/v2\/product"}],"about":[{"href":"https:\/\/klima-theke.com\/index.php?rest_route=\/wp\/v2\/types\/product"}],"wp:featuredmedia":[{"embeddable":true,"href":"https:\/\/klima-theke.com\/index.php?rest_route=\/wp\/v2\/media\/90569"}],"wp:attachment":[{"href":"https:\/\/klima-theke.com\/index.php?rest_route=%2Fwp%2Fv2%2Fmedia&parent=4560"}],"wp:term":[{"taxonomy":"product_cat","embeddable":true,"href":"https:\/\/klima-theke.com\/index.php?rest_route=%2Fwp%2Fv2%2Fproduct_cat&post=4560"},{"taxonomy":"product_tag","embeddable":true,"href":"https:\/\/klima-theke.com\/index.php?rest_route=%2Fwp%2Fv2%2Fproduct_tag&post=4560"}],"curies":[{"name":"wp","href":"https:\/\/api.w.org\/{rel}","templated":true}]}}