{"id":43830,"date":"2023-08-20T20:21:57","date_gmt":"2023-08-20T18:21:57","guid":{"rendered":"https:\/\/klima-theke.com\/produkt\/garten-unterstand-impraegniertes-kiefernholz-170x170x180-cm\/"},"modified":"2023-10-29T23:20:09","modified_gmt":"2023-10-29T21:20:09","slug":"garten-unterstand-impraegniertes-kiefernholz-170x170x180-cm","status":"publish","type":"product","link":"https:\/\/klima-theke.com\/?product=garten-unterstand-impraegniertes-kiefernholz-170x170x180-cm","title":{"rendered":"Garten-Unterstand Impr\u00e4gniertes Kiefernholz 170x170x180 cm"},"content":{"rendered":"<p>Dieser robuste Unterstand ist eine praktische, \u00fcberdachte Holzkonstruktion, die sich bestens zur Lagerung verschiedenster Gartenutensilien, wie Feuerholz, gr\u00f6\u00dfere Gartenger\u00e4te, Gartenm\u00f6bel, Fahrr\u00e4der oder anderer Gegenst\u00e4nde, die Sie gerne im Au\u00dfenbereich aufbewahren m\u00f6chten, eignet. Der langlebige Unterstand ist aus impr\u00e4gniertem und somit f\u00e4ulnisresistentem Kiefernholz gefertigt. Das geneigte Holzdach sorgt daf\u00fcr, dass Ihr Eigentum stets vor Regen und Schnee gesch\u00fctzt bleibt. Die Montage ist kinderleicht. Bitte beachten Sie, dass Holz ein Naturprodukt ist und somit Unvollkommenheiten aufweisen kann.<\/p>\n<ul>\n<li>Material: Kiefernholz, gr\u00fcn impr\u00e4gniert<\/li>\n<li>Verrottungsfest<\/li>\n<li>Abmessungen: 170 x 170 x 180 cm (B x T x H)<\/li>\n<li>Einfacher Zusammenbau<\/li>\n<\/ul>\n","protected":false},"excerpt":{"rendered":"<p>Dieser robuste Unterstand ist eine praktische, \u00fcberdachte Holzkonstruktion, die sich bestens zur Lagerung verschiedenster Gartenutensilien, wie Feuerholz, gr\u00f6\u00dfere Gartenger\u00e4te, Gartenm\u00f6bel, Fahrr\u00e4der oder anderer Gegenst\u00e4nde, die Sie gerne im Au\u00dfenbereich aufbewahren m\u00f6chten, eignet. Der langlebige Unterstand ist aus impr\u00e4gniertem und somit f\u00e4ulnisresistentem Kiefernholz gefertigt. Das geneigte Holzdach sorgt daf\u00fcr, dass Ihr Eigentum stets vor Regen und [&#8230;]\n","protected":false},"featured_media":124640,"template":"","meta":[],"product_cat":[46],"product_tag":[],"class_list":{"0":"post-43830","1":"product","2":"type-product","3":"status-publish","4":"has-post-thumbnail","6":"product_cat-aufbewahrungs-koerbe","7":"product_shipping_class-spedition-light","9":"first","10":"instock","11":"taxable","12":"shipping-taxable","13":"purchasable","14":"product-type-simple"},"_links":{"self":[{"href":"https:\/\/klima-theke.com\/index.php?rest_route=\/wp\/v2\/product\/43830","targetHints":{"allow":["GET"]}}],"collection":[{"href":"https:\/\/klima-theke.com\/index.php?rest_route=\/wp\/v2\/product"}],"about":[{"href":"https:\/\/klima-theke.com\/index.php?rest_route=\/wp\/v2\/types\/product"}],"wp:featuredmedia":[{"embeddable":true,"href":"https:\/\/klima-theke.com\/index.php?rest_route=\/wp\/v2\/media\/124640"}],"wp:attachment":[{"href":"https:\/\/klima-theke.com\/index.php?rest_route=%2Fwp%2Fv2%2Fmedia&parent=43830"}],"wp:term":[{"taxonomy":"product_cat","embeddable":true,"href":"https:\/\/klima-theke.com\/index.php?rest_route=%2Fwp%2Fv2%2Fproduct_cat&post=43830"},{"taxonomy":"product_tag","embeddable":true,"href":"https:\/\/klima-theke.com\/index.php?rest_route=%2Fwp%2Fv2%2Fproduct_tag&post=43830"}],"curies":[{"name":"wp","href":"https:\/\/api.w.org\/{rel}","templated":true}]}}

Garten-Unterstand Imprägniertes Kiefernholz 170x170x180 cm

<p>Dieser robuste Unterstand ist eine praktische, überdachte Holzkonstruktion, die sich bestens zur Lagerung verschiedenster Gartenutensilien, wie Feuerholz, größere Gartengeräte, Gartenmöbel, Fahrräder oder anderer Gegenstände, die Sie gerne im Außenbereich aufbewahren möchten, eignet. Der langlebige Unterstand ist aus imprägniertem und somit fäulnisresistentem Kiefernholz gefertigt. Das geneigte Holzdach sorgt dafür, dass Ihr Eigentum stets vor Regen und Schnee geschützt bleibt. Die Montage ist kinderleicht. Bitte beachten Sie, dass Holz ein Naturprodukt ist und somit Unvollkommenheiten aufweisen kann.</p>
<ul>
<li>Material: Kiefernholz, grün imprägniert</li>
<li>Verrottungsfest</li>
<li>Abmessungen: 170 x 170 x 180 cm (B x T x H)</li>
<li>Einfacher Zusammenbau</li>
</ul>

<p>Dieser robuste Unterstand ist eine praktische, überdachte Holzkonstruktion, die sich bestens zur Lagerung verschiedenster Gartenutensilien, wie Feuerholz, größere Gartengeräte, Gartenmöbel, Fahrräder oder anderer Gegenstände, die Sie gerne im Außenbereich aufbewahren möchten, eignet. Der langlebige Unterstand ist aus imprägniertem und somit fäulnisresistentem Kiefernholz gefertigt. Das geneigte Holzdach sorgt dafür, dass Ihr Eigentum stets vor Regen und [&#8230;]
