{"id":4288,"date":"2023-07-19T11:50:39","date_gmt":"2023-07-19T09:50:39","guid":{"rendered":"https:\/\/klima-theke.com\/produkt\/vernebler-cecotec-energysilence-590-freshessence\/"},"modified":"2023-10-05T14:33:09","modified_gmt":"2023-10-05T12:33:09","slug":"vernebler-cecotec-energysilence-590-freshessence","status":"publish","type":"product","link":"https:\/\/klima-theke.com\/?product=vernebler-cecotec-energysilence-590-freshessence","title":{"rendered":"Vernebler Cecotec EnergySilence 590 FreshEssence"},"content":{"rendered":"<p>Wenn Sie Haushaltsger\u00e4te zum besten Gro\u00dfhandelspreis suchen, dann verpassen Sie nicht Ihre Chance auf <b>Vernebler Cecotec EnergySilence 590 FreshEssence<\/b> sowie ein breites Sortiment an kleinen Haushaltsger\u00e4ten!<\/p>\n<ul>\n<li>Merkmale:\n<ul>\n<li>Zeitschaltuhr<\/li>\n<li>Leise<\/li>\n<\/ul>\n<\/li>\n<li>Kapazit\u00e4t: 3 L<\/li>\n<li>Geschwindigkeiten: 3<\/li>\n<li>Durchmesser: \u00d8 40 cm<\/li>\n<li>Ungef\u00e4hre Reichweite: 12 h<\/li>\n<li>Klinge: 5<\/li>\n<\/ul>\n","protected":false},"excerpt":{"rendered":"<p>Wenn Sie Haushaltsger\u00e4te zum besten Gro\u00dfhandelspreis suchen, dann verpassen Sie nicht Ihre Chance auf Vernebler Cecotec EnergySilence 590 FreshEssence sowie ein breites Sortiment an kleinen Haushaltsger\u00e4ten! Merkmale: Zeitschaltuhr Leise Kapazit\u00e4t: 3 L Geschwindigkeiten: 3 Durchmesser: \u00d8 40 cm Ungef\u00e4hre Reichweite: 12 h Klinge: 5<\/p>\n","protected":false},"featured_media":97232,"template":"","meta":[],"product_cat":[34],"product_tag":[],"class_list":{"0":"post-4288","1":"product","2":"type-product","3":"status-publish","4":"has-post-thumbnail","6":"product_cat-tisch-standventilatoren","8":"first","9":"instock","10":"taxable","11":"shipping-taxable","12":"purchasable","13":"product-type-simple"},"_links":{"self":[{"href":"https:\/\/klima-theke.com\/index.php?rest_route=\/wp\/v2\/product\/4288","targetHints":{"allow":["GET"]}}],"collection":[{"href":"https:\/\/klima-theke.com\/index.php?rest_route=\/wp\/v2\/product"}],"about":[{"href":"https:\/\/klima-theke.com\/index.php?rest_route=\/wp\/v2\/types\/product"}],"wp:featuredmedia":[{"embeddable":true,"href":"https:\/\/klima-theke.com\/index.php?rest_route=\/wp\/v2\/media\/97232"}],"wp:attachment":[{"href":"https:\/\/klima-theke.com\/index.php?rest_route=%2Fwp%2Fv2%2Fmedia&parent=4288"}],"wp:term":[{"taxonomy":"product_cat","embeddable":true,"href":"https:\/\/klima-theke.com\/index.php?rest_route=%2Fwp%2Fv2%2Fproduct_cat&post=4288"},{"taxonomy":"product_tag","embeddable":true,"href":"https:\/\/klima-theke.com\/index.php?rest_route=%2Fwp%2Fv2%2Fproduct_tag&post=4288"}],"curies":[{"name":"wp","href":"https:\/\/api.w.org\/{rel}","templated":true}]}}