{"id":42384,"date":"2023-08-18T20:20:52","date_gmt":"2023-08-18T18:20:52","guid":{"rendered":"https:\/\/klima-theke.com\/produkt\/brennholzregal-schwarz-44-x-20-x-100-cm-stahl\/"},"modified":"2023-10-11T12:35:19","modified_gmt":"2023-10-11T10:35:19","slug":"brennholzregal-schwarz-44-x-20-x-100-cm-stahl","status":"publish","type":"product","link":"https:\/\/klima-theke.com\/?product=brennholzregal-schwarz-44-x-20-x-100-cm-stahl","title":{"rendered":"Brennholzregal Schwarz 44 x 20 x 100 cm Stahl"},"content":{"rendered":"<p>Dieses rechteckige Brennholzregal bietet eine ideale L\u00f6sung f\u00fcr die ordentliche Aufbewahrung Ihres Brennholzes. Aus Hochleistungsstahl hergestellt, ist dieses Brennholzregal sehr stabil und robust. Es ist ein Muss f\u00fcr alle, die einen Kamin oder Holzofen besitzen, um das Brennholz gut geordnet und leicht zug\u00e4nglich aufzubewahren. In diesem gro\u00dfen Brennholzst\u00e4nder kann ausreichend Holz untergebracht werden, damit das Feuer am Brennen gehalten wird und Sie es im Winter sch\u00f6n warm haben. VORSICHT: Lassen Sie Kinder niemals darauf klettern! Bei Verwendung des Artikels ohne Kippschutz besteht die Gefahr des Umkippens!<\/p>\n<ul>\n<li>Farbe: Schwarz <\/li>\n<li>Material: Stahl<\/li>\n<li>Abmessungen: 44 x 20 x 100 cm (B x T x H)<\/li>\n<\/ul>\n","protected":false},"excerpt":{"rendered":"<p>Dieses rechteckige Brennholzregal bietet eine ideale L\u00f6sung f\u00fcr die ordentliche Aufbewahrung Ihres Brennholzes. Aus Hochleistungsstahl hergestellt, ist dieses Brennholzregal sehr stabil und robust. Es ist ein Muss f\u00fcr alle, die einen Kamin oder Holzofen besitzen, um das Brennholz gut geordnet und leicht zug\u00e4nglich aufzubewahren. In diesem gro\u00dfen Brennholzst\u00e4nder kann ausreichend Holz untergebracht werden, damit das [&#8230;]\n","protected":false},"featured_media":106698,"template":"","meta":[],"product_cat":[45],"product_tag":[],"class_list":{"0":"post-42384","1":"product","2":"type-product","3":"status-publish","4":"has-post-thumbnail","6":"product_cat-regale","8":"first","9":"instock","10":"taxable","11":"shipping-taxable","12":"purchasable","13":"product-type-simple"},"_links":{"self":[{"href":"https:\/\/klima-theke.com\/index.php?rest_route=\/wp\/v2\/product\/42384","targetHints":{"allow":["GET"]}}],"collection":[{"href":"https:\/\/klima-theke.com\/index.php?rest_route=\/wp\/v2\/product"}],"about":[{"href":"https:\/\/klima-theke.com\/index.php?rest_route=\/wp\/v2\/types\/product"}],"wp:featuredmedia":[{"embeddable":true,"href":"https:\/\/klima-theke.com\/index.php?rest_route=\/wp\/v2\/media\/106698"}],"wp:attachment":[{"href":"https:\/\/klima-theke.com\/index.php?rest_route=%2Fwp%2Fv2%2Fmedia&parent=42384"}],"wp:term":[{"taxonomy":"product_cat","embeddable":true,"href":"https:\/\/klima-theke.com\/index.php?rest_route=%2Fwp%2Fv2%2Fproduct_cat&post=42384"},{"taxonomy":"product_tag","embeddable":true,"href":"https:\/\/klima-theke.com\/index.php?rest_route=%2Fwp%2Fv2%2Fproduct_tag&post=42384"}],"curies":[{"name":"wp","href":"https:\/\/api.w.org\/{rel}","templated":true}]}}

<p>Dieses rechteckige Brennholzregal bietet eine ideale Lösung für die ordentliche Aufbewahrung Ihres Brennholzes. Aus Hochleistungsstahl hergestellt, ist dieses Brennholzregal sehr stabil und robust. Es ist ein Muss für alle, die einen Kamin oder Holzofen besitzen, um das Brennholz gut geordnet und leicht zugänglich aufzubewahren. In diesem großen Brennholzständer kann ausreichend Holz untergebracht werden, damit das Feuer am Brennen gehalten wird und Sie es im Winter schön warm haben. VORSICHT: Lassen Sie Kinder niemals darauf klettern! Bei Verwendung des Artikels ohne Kippschutz besteht die Gefahr des Umkippens!</p>
<ul>
<li>Farbe: Schwarz </li>
<li>Material: Stahl</li>
<li>Abmessungen: 44 x 20 x 100 cm (B x T x H)</li>
</ul>

<p>Dieses rechteckige Brennholzregal bietet eine ideale Lösung für die ordentliche Aufbewahrung Ihres Brennholzes. Aus Hochleistungsstahl hergestellt, ist dieses Brennholzregal sehr stabil und robust. Es ist ein Muss für alle, die einen Kamin oder Holzofen besitzen, um das Brennholz gut geordnet und leicht zugänglich aufzubewahren. In diesem großen Brennholzständer kann ausreichend Holz untergebracht werden, damit das [&#8230;]
