{"id":42360,"date":"2023-08-18T20:20:36","date_gmt":"2023-08-18T18:20:36","guid":{"rendered":"https:\/\/klima-theke.com\/produkt\/kaminholzwagen-schwarz-30-x-35-x-81-cm-stahl\/"},"modified":"2023-10-13T14:16:46","modified_gmt":"2023-10-13T12:16:46","slug":"kaminholzwagen-schwarz-30-x-35-x-81-cm-stahl","status":"publish","type":"product","link":"https:\/\/klima-theke.com\/?product=kaminholzwagen-schwarz-30-x-35-x-81-cm-stahl","title":{"rendered":"Kaminholzwagen Schwarz 30 x 35 x 81 cm Stahl"},"content":{"rendered":"<p>Dieser praktische Kaminholzwagen ist f\u00fcr den einfachen Transport von Holz konzipiert. Dieser aus hochfestem Stahl gefertigte Holzwagen ist sehr stabil und robust. Er verf\u00fcgt \u00fcber zwei Vollgummir\u00e4der, die nicht viel L\u00e4rm produzieren. Mit dem mitgelieferten Sch\u00fcrhaken k\u00f6nnen Sie das Feuer hell und sicher brennen lassen. Die B\u00fcrste und die Schaufel sind sehr hilfreich beim Reinigen des Kamins. VORSICHT: Lassen Sie Kinder niemals darauf klettern! Bei Verwendung des Artikels ohne Kippschutz besteht die Gefahr des Umkippens!<\/p>\n<ul>\n<li>Farbe: Schwarz <\/li>\n<li>Material: Stahl<\/li>\n<li>Wagenrahmenma\u00dfe: 30 x 35 x 81 cm (B x T x H)<\/li>\n<li>Ladefl\u00e4chenma\u00dfe: 30 x 32 x 47 cm (L x B x H)<\/li>\n<li>Maximale Belastbarkeit: 30 kg<\/li>\n<li>Mit zwei Vollgummir\u00e4dern<\/li>\n<li>Inklusive B\u00fcrste, Schaufel und Sch\u00fcrhaken <\/li>\n<\/ul>\n","protected":false},"excerpt":{"rendered":"<p>Dieser praktische Kaminholzwagen ist f\u00fcr den einfachen Transport von Holz konzipiert. Dieser aus hochfestem Stahl gefertigte Holzwagen ist sehr stabil und robust. Er verf\u00fcgt \u00fcber zwei Vollgummir\u00e4der, die nicht viel L\u00e4rm produzieren. Mit dem mitgelieferten Sch\u00fcrhaken k\u00f6nnen Sie das Feuer hell und sicher brennen lassen. Die B\u00fcrste und die Schaufel sind sehr hilfreich beim Reinigen [&#8230;]\n","protected":false},"featured_media":109133,"template":"","meta":[],"product_cat":[47],"product_tag":[],"class_list":{"0":"post-42360","1":"product","2":"type-product","3":"status-publish","4":"has-post-thumbnail","6":"product_cat-kaminzubehoer","8":"first","9":"outofstock","10":"taxable","11":"shipping-taxable","12":"purchasable","13":"product-type-simple"},"_links":{"self":[{"href":"https:\/\/klima-theke.com\/index.php?rest_route=\/wp\/v2\/product\/42360","targetHints":{"allow":["GET"]}}],"collection":[{"href":"https:\/\/klima-theke.com\/index.php?rest_route=\/wp\/v2\/product"}],"about":[{"href":"https:\/\/klima-theke.com\/index.php?rest_route=\/wp\/v2\/types\/product"}],"wp:featuredmedia":[{"embeddable":true,"href":"https:\/\/klima-theke.com\/index.php?rest_route=\/wp\/v2\/media\/109133"}],"wp:attachment":[{"href":"https:\/\/klima-theke.com\/index.php?rest_route=%2Fwp%2Fv2%2Fmedia&parent=42360"}],"wp:term":[{"taxonomy":"product_cat","embeddable":true,"href":"https:\/\/klima-theke.com\/index.php?rest_route=%2Fwp%2Fv2%2Fproduct_cat&post=42360"},{"taxonomy":"product_tag","embeddable":true,"href":"https:\/\/klima-theke.com\/index.php?rest_route=%2Fwp%2Fv2%2Fproduct_tag&post=42360"}],"curies":[{"name":"wp","href":"https:\/\/api.w.org\/{rel}","templated":true}]}}