{"id":42256,"date":"2023-08-18T20:19:29","date_gmt":"2023-08-18T18:19:29","guid":{"rendered":"https:\/\/klima-theke.com\/produkt\/feuerholz-lagerschuppen-150x44x176-cm-impraegniertes-kiefernholz\/"},"modified":"2023-10-13T10:29:26","modified_gmt":"2023-10-13T08:29:26","slug":"feuerholz-lagerschuppen-150x44x176-cm-impraegniertes-kiefernholz","status":"publish","type":"product","link":"https:\/\/klima-theke.com\/?product=feuerholz-lagerschuppen-150x44x176-cm-impraegniertes-kiefernholz","title":{"rendered":"Feuerholz-Lagerschuppen 150\u00d744\u00d7176 cm Impr\u00e4gniertes Kiefernholz"},"content":{"rendered":"<p>Dieser Feuerholz-Lagerschuppen stellt eine effiziente L\u00f6sung f\u00fcr die Lagerung von gro\u00dfen Menge an Brennholz dar. Dieser Schuppen ist aus hochwertigem, druckimpr\u00e4gniertem Kiefernholz gefertigt, wodurch er sehr widerstandsf\u00e4hig, langlebig und verrottungsbest\u00e4ndig ist. Der Lagerschuppen hat ein schr\u00e4ges Dach, um das Feuerholz vor Regen und Schnee zu sch\u00fctzen, aus Latten bestehende Seiten, die eine ausreichende Luftzirkulation erm\u00f6glichen, und erh\u00f6hte Bodenlatten, um das Holz zu bel\u00fcften und zu trocknen. Der Aufbau ist einfach. Bitte beachten Sie, dass Holz ein Naturprodukt ist und somit Unvollkommenheiten aufweisen kann.<\/p>\n<ul>\n<li>Material: Kiefernholz, gr\u00fcn impr\u00e4gniert<\/li>\n<li>Verrottungsfest<\/li>\n<li>Ma\u00dfe: 150 x 44 x 176 cm (L x B x H)<\/li>\n<li>Einfache Endmontage<\/li>\n<\/ul>\n","protected":false},"excerpt":{"rendered":"<p>Dieser Feuerholz-Lagerschuppen stellt eine effiziente L\u00f6sung f\u00fcr die Lagerung von gro\u00dfen Menge an Brennholz dar. Dieser Schuppen ist aus hochwertigem, druckimpr\u00e4gniertem Kiefernholz gefertigt, wodurch er sehr widerstandsf\u00e4hig, langlebig und verrottungsbest\u00e4ndig ist. Der Lagerschuppen hat ein schr\u00e4ges Dach, um das Feuerholz vor Regen und Schnee zu sch\u00fctzen, aus Latten bestehende Seiten, die eine ausreichende Luftzirkulation erm\u00f6glichen, [&#8230;]\n","protected":false},"featured_media":108600,"template":"","meta":[],"product_cat":[45],"product_tag":[],"class_list":{"0":"post-42256","1":"product","2":"type-product","3":"status-publish","4":"has-post-thumbnail","6":"product_cat-regale","8":"first","9":"instock","10":"taxable","11":"shipping-taxable","12":"purchasable","13":"product-type-simple"},"_links":{"self":[{"href":"https:\/\/klima-theke.com\/index.php?rest_route=\/wp\/v2\/product\/42256","targetHints":{"allow":["GET"]}}],"collection":[{"href":"https:\/\/klima-theke.com\/index.php?rest_route=\/wp\/v2\/product"}],"about":[{"href":"https:\/\/klima-theke.com\/index.php?rest_route=\/wp\/v2\/types\/product"}],"wp:featuredmedia":[{"embeddable":true,"href":"https:\/\/klima-theke.com\/index.php?rest_route=\/wp\/v2\/media\/108600"}],"wp:attachment":[{"href":"https:\/\/klima-theke.com\/index.php?rest_route=%2Fwp%2Fv2%2Fmedia&parent=42256"}],"wp:term":[{"taxonomy":"product_cat","embeddable":true,"href":"https:\/\/klima-theke.com\/index.php?rest_route=%2Fwp%2Fv2%2Fproduct_cat&post=42256"},{"taxonomy":"product_tag","embeddable":true,"href":"https:\/\/klima-theke.com\/index.php?rest_route=%2Fwp%2Fv2%2Fproduct_tag&post=42256"}],"curies":[{"name":"wp","href":"https:\/\/api.w.org\/{rel}","templated":true}]}}