{"id":42220,"date":"2023-08-18T20:18:09","date_gmt":"2023-08-18T18:18:09","guid":{"rendered":"https:\/\/klima-theke.com\/produkt\/kaminholzregal-schwarz-108x645x77-cm-massivholz-kiefer\/"},"modified":"2023-10-26T09:08:12","modified_gmt":"2023-10-26T07:08:12","slug":"kaminholzregal-schwarz-108x645x77-cm-massivholz-kiefer","status":"publish","type":"product","link":"https:\/\/klima-theke.com\/?product=kaminholzregal-schwarz-108x645x77-cm-massivholz-kiefer","title":{"rendered":"Kaminholzregal Schwarz 108&#215;64,5&#215;77 cm Massivholz Kiefer"},"content":{"rendered":"<p>Dieses Kaminholzregal aus Holz bietet die ideale L\u00f6sung f\u00fcr die ordentliche Lagerung deines Brennholzes. Massives Kiefernholz: Massives Kiefernholz ist ein wundersch\u00f6nes Naturmaterial. Kiefernholz weist eine gerade Maserung auf und die Aststellen verleihen dem Material seine charakteristische, rustikale Optik.Viel Stauraum: Dieser Holzspeicher fasst gen\u00fcgend Scheite, um das Feuer sch\u00f6n brennen zu lassen und im Winter stets f\u00fcr W\u00e4rme zu sorgen.Trockenes Brennholz: Der Brennholzhalter h\u00e4lt die Scheite vom Boden fern und erm\u00f6glicht so eine bessere Luftzirkulation, um das Brennholz vor F\u00e4ulnis zu sch\u00fctzen und es trocken zu halten. Hinweis:Jedes Produkt wird mit einer Montageanleitung in der Verpackung f\u00fcr eine einfache Montage geliefert.Das Dach ist nicht vollst\u00e4ndig geschlossen und wasserbest\u00e4ndig.<\/p>\n<ul>\n<li>Farbe: Schwarz<\/li>\n<li>Material: Massives Kiefernholz<\/li>\n<li>Abmessungen: 108 x 64,5 x 77 cm (L x B x H)<\/li>\n<\/ul>\n","protected":false},"excerpt":{"rendered":"<p>Dieses Kaminholzregal aus Holz bietet die ideale L\u00f6sung f\u00fcr die ordentliche Lagerung deines Brennholzes. Massives Kiefernholz: Massives Kiefernholz ist ein wundersch\u00f6nes Naturmaterial. Kiefernholz weist eine gerade Maserung auf und die Aststellen verleihen dem Material seine charakteristische, rustikale Optik.Viel Stauraum: Dieser Holzspeicher fasst gen\u00fcgend Scheite, um das Feuer sch\u00f6n brennen zu lassen und im Winter stets [&#8230;]\n","protected":false},"featured_media":121761,"template":"","meta":[],"product_cat":[45],"product_tag":[],"class_list":{"0":"post-42220","1":"product","2":"type-product","3":"status-publish","4":"has-post-thumbnail","6":"product_cat-regale","8":"first","9":"instock","10":"taxable","11":"shipping-taxable","12":"purchasable","13":"product-type-simple"},"_links":{"self":[{"href":"https:\/\/klima-theke.com\/index.php?rest_route=\/wp\/v2\/product\/42220","targetHints":{"allow":["GET"]}}],"collection":[{"href":"https:\/\/klima-theke.com\/index.php?rest_route=\/wp\/v2\/product"}],"about":[{"href":"https:\/\/klima-theke.com\/index.php?rest_route=\/wp\/v2\/types\/product"}],"wp:featuredmedia":[{"embeddable":true,"href":"https:\/\/klima-theke.com\/index.php?rest_route=\/wp\/v2\/media\/121761"}],"wp:attachment":[{"href":"https:\/\/klima-theke.com\/index.php?rest_route=%2Fwp%2Fv2%2Fmedia&parent=42220"}],"wp:term":[{"taxonomy":"product_cat","embeddable":true,"href":"https:\/\/klima-theke.com\/index.php?rest_route=%2Fwp%2Fv2%2Fproduct_cat&post=42220"},{"taxonomy":"product_tag","embeddable":true,"href":"https:\/\/klima-theke.com\/index.php?rest_route=%2Fwp%2Fv2%2Fproduct_tag&post=42220"}],"curies":[{"name":"wp","href":"https:\/\/api.w.org\/{rel}","templated":true}]}}

<p>Dieses Kaminholzregal aus Holz bietet die ideale Lösung für die ordentliche Lagerung deines Brennholzes. Massives Kiefernholz: Massives Kiefernholz ist ein wunderschönes Naturmaterial. Kiefernholz weist eine gerade Maserung auf und die Aststellen verleihen dem Material seine charakteristische, rustikale Optik.Viel Stauraum: Dieser Holzspeicher fasst genügend Scheite, um das Feuer schön brennen zu lassen und im Winter stets für Wärme zu sorgen.Trockenes Brennholz: Der Brennholzhalter hält die Scheite vom Boden fern und ermöglicht so eine bessere Luftzirkulation, um das Brennholz vor Fäulnis zu schützen und es trocken zu halten. Hinweis:Jedes Produkt wird mit einer Montageanleitung in der Verpackung für eine einfache Montage geliefert.Das Dach ist nicht vollständig geschlossen und wasserbeständig.</p>
<ul>
<li>Farbe: Schwarz</li>
<li>Material: Massives Kiefernholz</li>
<li>Abmessungen: 108 x 64,5 x 77 cm (L x B x H)</li>
</ul>

<p>Dieses Kaminholzregal aus Holz bietet die ideale Lösung für die ordentliche Lagerung deines Brennholzes. Massives Kiefernholz: Massives Kiefernholz ist ein wunderschönes Naturmaterial. Kiefernholz weist eine gerade Maserung auf und die Aststellen verleihen dem Material seine charakteristische, rustikale Optik.Viel Stauraum: Dieser Holzspeicher fasst genügend Scheite, um das Feuer schön brennen zu lassen und im Winter stets [&#8230;]
