{"id":40743,"date":"2023-08-17T20:21:31","date_gmt":"2023-08-17T18:21:31","guid":{"rendered":"https:\/\/klima-theke.com\/produkt\/redfire-feuerschale-pello-schwarz-stahl\/"},"modified":"2023-10-28T02:19:17","modified_gmt":"2023-10-28T00:19:17","slug":"redfire-feuerschale-pello-schwarz-stahl","status":"publish","type":"product","link":"https:\/\/klima-theke.com\/?product=redfire-feuerschale-pello-schwarz-stahl","title":{"rendered":"RedFire Feuerschale Pello Schwarz Stahl"},"content":{"rendered":"<p>Genie\u00dfen Sie den Tanz der Flammen mit Freunden und Familie mit dieser robusten Pello Feuerschale von RedFire. Aus stabilem Stahl gefertigt und mit einem breiten Durchmesser von 60 cm, wird diese Feuerstelle ganz bestimmt f\u00fcr ein starkes Feuer sorgen. Durch ihr Stativ mit drei aufgeweiteten Beinen in Dreiecksform weist sich auch eine markante Optik auf. Dieser Look wird durch den unbehandelten Stahl verst\u00e4rkt, was der Pello eine industrielle Note verleiht. Diese Feuerschale von RedFire besteht aus einem einzigen Teil. Sie k\u00f6nnen daher die Temperatur unverz\u00fcglich nach dem Erhalt des Produkts erh\u00f6hen. Schaffen Sie eine gem\u00fctliche Atmosph\u00e4re im Garten oder auf der Terrasse mit dieser robusten Feuerschale!<\/p>\n<ul>\n<li>Farbe: Schwarz <\/li>\n<li>Material: Stahl<\/li>\n<li>Abmessungen: 60 x 32 cm (Durchmesser x H)<\/li>\n<li>Stahlst\u00e4rke: 2 mm<\/li>\n<li>Industrie-Look<\/li>\n<li>Mit Dreibeinstativ<\/li>\n<li>Ger\u00e4umige Feuerschale mit breitem Durchmesser<\/li>\n<li>Kein Zusammenbau erforderlich<\/li>\n<\/ul>\n","protected":false},"excerpt":{"rendered":"<p>30 Tage R\u00fcckgaberecht: Einfach bestellen und testen<\/p>\n","protected":false},"featured_media":123570,"template":"","meta":[],"product_cat":[39],"product_tag":[],"class_list":{"0":"post-40743","1":"product","2":"type-product","3":"status-publish","4":"has-post-thumbnail","6":"product_cat-kamine-grills-grillkamine","7":"product_shipping_class-spedition-light","9":"first","10":"instock","11":"taxable","12":"shipping-taxable","13":"purchasable","14":"product-type-simple"},"_links":{"self":[{"href":"https:\/\/klima-theke.com\/index.php?rest_route=\/wp\/v2\/product\/40743","targetHints":{"allow":["GET"]}}],"collection":[{"href":"https:\/\/klima-theke.com\/index.php?rest_route=\/wp\/v2\/product"}],"about":[{"href":"https:\/\/klima-theke.com\/index.php?rest_route=\/wp\/v2\/types\/product"}],"wp:featuredmedia":[{"embeddable":true,"href":"https:\/\/klima-theke.com\/index.php?rest_route=\/wp\/v2\/media\/123570"}],"wp:attachment":[{"href":"https:\/\/klima-theke.com\/index.php?rest_route=%2Fwp%2Fv2%2Fmedia&parent=40743"}],"wp:term":[{"taxonomy":"product_cat","embeddable":true,"href":"https:\/\/klima-theke.com\/index.php?rest_route=%2Fwp%2Fv2%2Fproduct_cat&post=40743"},{"taxonomy":"product_tag","embeddable":true,"href":"https:\/\/klima-theke.com\/index.php?rest_route=%2Fwp%2Fv2%2Fproduct_tag&post=40743"}],"curies":[{"name":"wp","href":"https:\/\/api.w.org\/{rel}","templated":true}]}}