{"id":40616,"date":"2023-08-17T20:20:12","date_gmt":"2023-08-17T18:20:12","guid":{"rendered":"https:\/\/klima-theke.com\/produkt\/gartenkamin-mit-schuerhaken-45x45x122-cm-stahl\/"},"modified":"2023-10-29T10:42:11","modified_gmt":"2023-10-29T08:42:11","slug":"gartenkamin-mit-schuerhaken-45x45x122-cm-stahl","status":"publish","type":"product","link":"https:\/\/klima-theke.com\/?product=gartenkamin-mit-schuerhaken-45x45x122-cm-stahl","title":{"rendered":"Gartenkamin mit Sch\u00fcrhaken 45x45x122 cm Stahl"},"content":{"rendered":"<p>Dieser Gartenkamin ist eine dekorative und stimmungsvolle Erg\u00e4nzung zu deinem Garten oder deiner Terrasse und sorgt f\u00fcr angenehme W\u00e4rme, wenn es abends k\u00e4lter wird. Stabiles Material: Stahl ist ein au\u00dfergew\u00f6hnlich hartes und starkes Material. Er bietet Robustheit und Stabilit\u00e4t. Aus Stahl gefertigt, absorbiert der Kamin W\u00e4rme hervorragend und gibt sie an die Umgebung ab.Gittert\u00fcr: Dank der Gittert\u00fcr kannst du das brennende Feuer beobachten; sie umschlie\u00dft das Feuer aus Sicherheitsgr\u00fcnden und verhindert, dass Funken herausfliegen.Praktischer Sch\u00fcrhaken: Der Outdoor-Kamin wird mit einem Sch\u00fcrhaken geliefert, mit dem du ganz einfach Holzscheite bewegen oder den Holzkohle-Rost aufnehmen kannst, um ein sicheres und angenehmes Feuererlebnis im Freien zu genie\u00dfen. Gut zu wissen:Er kann nur im Freien verwendet werden. Um Verletzungen und Verbrennungen zu vermeiden, ber\u00fchre das Produkt nicht, wenn Holz darin brennt oder kurz danach.<\/p>\n<ul>\n<li>Farbe: Schwarz<\/li>\n<li>Material: Stahl<\/li>\n<li>Abmessungen: 45 x 122 cm (Durchmesser x H)<\/li>\n<li>Zusammenbau erforderlich: Ja<\/li>\n<\/ul>\n","protected":false},"excerpt":{"rendered":"<p>Dieser Gartenkamin ist eine dekorative und stimmungsvolle Erg\u00e4nzung zu deinem Garten oder deiner Terrasse und sorgt f\u00fcr angenehme W\u00e4rme, wenn es abends k\u00e4lter wird. Stabiles Material: Stahl ist ein au\u00dfergew\u00f6hnlich hartes und starkes Material. Er bietet Robustheit und Stabilit\u00e4t. Aus Stahl gefertigt, absorbiert der Kamin W\u00e4rme hervorragend und gibt sie an die Umgebung ab.Gittert\u00fcr: Dank [&#8230;]\n","protected":false},"featured_media":124304,"template":"","meta":[],"product_cat":[39],"product_tag":[],"class_list":{"0":"post-40616","1":"product","2":"type-product","3":"status-publish","4":"has-post-thumbnail","6":"product_cat-kamine-grills-grillkamine","8":"first","9":"instock","10":"taxable","11":"shipping-taxable","12":"purchasable","13":"product-type-simple"},"_links":{"self":[{"href":"https:\/\/klima-theke.com\/index.php?rest_route=\/wp\/v2\/product\/40616","targetHints":{"allow":["GET"]}}],"collection":[{"href":"https:\/\/klima-theke.com\/index.php?rest_route=\/wp\/v2\/product"}],"about":[{"href":"https:\/\/klima-theke.com\/index.php?rest_route=\/wp\/v2\/types\/product"}],"wp:featuredmedia":[{"embeddable":true,"href":"https:\/\/klima-theke.com\/index.php?rest_route=\/wp\/v2\/media\/124304"}],"wp:attachment":[{"href":"https:\/\/klima-theke.com\/index.php?rest_route=%2Fwp%2Fv2%2Fmedia&parent=40616"}],"wp:term":[{"taxonomy":"product_cat","embeddable":true,"href":"https:\/\/klima-theke.com\/index.php?rest_route=%2Fwp%2Fv2%2Fproduct_cat&post=40616"},{"taxonomy":"product_tag","embeddable":true,"href":"https:\/\/klima-theke.com\/index.php?rest_route=%2Fwp%2Fv2%2Fproduct_tag&post=40616"}],"curies":[{"name":"wp","href":"https:\/\/api.w.org\/{rel}","templated":true}]}}