{"id":4055,"date":"2023-07-19T11:46:51","date_gmt":"2023-07-19T09:46:51","guid":{"rendered":"https:\/\/klima-theke.com\/produkt\/badezimmer-extraktor-edm-12-w\/"},"modified":"2023-10-30T10:59:38","modified_gmt":"2023-10-30T08:59:38","slug":"badezimmer-extraktor-edm-12-w","status":"publish","type":"product","link":"https:\/\/klima-theke.com\/?product=badezimmer-extraktor-edm-12-w","title":{"rendered":"Badezimmer-Extraktor EDM 12 W"},"content":{"rendered":"<p>Wenn Sie bei der Einrichtung ihres Heims Wert auf Details legen und bei Produkten, die Ihnen das Leben leichter machen, auf dem letzten Stand sein m\u00f6chten, dann kaufen Sie <b>Badezimmer-Extraktor EDM 12 W<\/b> zum besten Preis.<\/p>\n<ul>\n<li>Farbe: Wei\u00df<\/li>\n<li>Spannung: 230 V<\/li>\n<li>Format: \u00d8 7,5 cm<\/li>\n<li>Soundintensit\u00e4t: 80 dB<\/li>\n<li>Leistung: 12 W<\/li>\n<li>Art: Badezimmer-Extraktor<\/li>\n<li>Ma\u00dfe ca.: 15,5 x 15,5 cm<\/li>\n<\/ul>\n","protected":false},"excerpt":{"rendered":"<p>Wenn Sie bei der Einrichtung ihres Heims Wert auf Details legen und bei Produkten, die Ihnen das Leben leichter machen, auf dem letzten Stand sein m\u00f6chten, dann kaufen Sie Badezimmer-Extraktor EDM 12 W zum besten Preis. Farbe: Wei\u00df Spannung: 230 V Format: \u00d8 7,5 cm Soundintensit\u00e4t: 80 dB Leistung: 12 W Art: Badezimmer-Extraktor Ma\u00dfe ca.: [&#8230;]\n","protected":false},"featured_media":124995,"template":"","meta":[],"product_cat":[53],"product_tag":[],"class_list":{"0":"post-4055","1":"product","2":"type-product","3":"status-publish","4":"has-post-thumbnail","6":"product_cat-luftentfeuchter","8":"first","9":"instock","10":"taxable","11":"shipping-taxable","12":"purchasable","13":"product-type-simple"},"_links":{"self":[{"href":"https:\/\/klima-theke.com\/index.php?rest_route=\/wp\/v2\/product\/4055","targetHints":{"allow":["GET"]}}],"collection":[{"href":"https:\/\/klima-theke.com\/index.php?rest_route=\/wp\/v2\/product"}],"about":[{"href":"https:\/\/klima-theke.com\/index.php?rest_route=\/wp\/v2\/types\/product"}],"wp:featuredmedia":[{"embeddable":true,"href":"https:\/\/klima-theke.com\/index.php?rest_route=\/wp\/v2\/media\/124995"}],"wp:attachment":[{"href":"https:\/\/klima-theke.com\/index.php?rest_route=%2Fwp%2Fv2%2Fmedia&parent=4055"}],"wp:term":[{"taxonomy":"product_cat","embeddable":true,"href":"https:\/\/klima-theke.com\/index.php?rest_route=%2Fwp%2Fv2%2Fproduct_cat&post=4055"},{"taxonomy":"product_tag","embeddable":true,"href":"https:\/\/klima-theke.com\/index.php?rest_route=%2Fwp%2Fv2%2Fproduct_tag&post=4055"}],"curies":[{"name":"wp","href":"https:\/\/api.w.org\/{rel}","templated":true}]}}