{"id":4053,"date":"2023-07-19T11:46:49","date_gmt":"2023-07-19T09:46:49","guid":{"rendered":"https:\/\/klima-theke.com\/produkt\/esschert-design-feuerschale-schraeglage-schwarz-stahl-ff402\/"},"modified":"2023-10-12T19:24:18","modified_gmt":"2023-10-12T17:24:18","slug":"esschert-design-feuerschale-schraeglage-schwarz-stahl-ff402","status":"publish","type":"product","link":"https:\/\/klima-theke.com\/?product=esschert-design-feuerschale-schraeglage-schwarz-stahl-ff402","title":{"rendered":"Esschert Design Feuerschale Schr\u00e4glage Schwarz Stahl FF402"},"content":{"rendered":"<p>Mit dieser ovalen Feuerschale von Esschert Design erleben Sie das nostalgische Lagerfeuer-Erlebnis im eigenen Garten! Es ist ideal f\u00fcr stimmungsvolle Abende im Sommer. Diese gro\u00dfe Feuerschale von Esschert Design hat ein sch\u00f6nes Design und schafft ein gem\u00fctliches Ambiente. Durch ihre robuste Konstruktion ist diese Feuerschale ein Gewinn f\u00fcr jeden Garten! Setzen Sie sich mit Freunden um die Feuerschale, gie\u00dfen Sie ein sch\u00f6nes Glas und genie\u00dfen Sie das knisternde Feuer bis sp\u00e4t in den Abend!<\/p>\n<ul>\n<li>Farbe: Schwarz <\/li>\n<li>Material: Stahl<\/li>\n<li>Abmessungen: 60 x 56,8 x 38,5 cm (L x B x H)<\/li>\n<\/ul>\n","protected":false},"excerpt":{"rendered":"<p>Mit dieser ovalen Feuerschale von Esschert Design erleben Sie das nostalgische Lagerfeuer-Erlebnis im eigenen Garten! Es ist ideal f\u00fcr stimmungsvolle Abende im Sommer. Diese gro\u00dfe Feuerschale von Esschert Design hat ein sch\u00f6nes Design und schafft ein gem\u00fctliches Ambiente. Durch ihre robuste Konstruktion ist diese Feuerschale ein Gewinn f\u00fcr jeden Garten! Setzen Sie sich mit Freunden [&#8230;]\n","protected":false},"featured_media":108191,"template":"","meta":[],"product_cat":[39],"product_tag":[],"class_list":{"0":"post-4053","1":"product","2":"type-product","3":"status-publish","4":"has-post-thumbnail","6":"product_cat-kamine-grills-grillkamine","8":"first","9":"instock","10":"taxable","11":"shipping-taxable","12":"purchasable","13":"product-type-simple"},"_links":{"self":[{"href":"https:\/\/klima-theke.com\/index.php?rest_route=\/wp\/v2\/product\/4053","targetHints":{"allow":["GET"]}}],"collection":[{"href":"https:\/\/klima-theke.com\/index.php?rest_route=\/wp\/v2\/product"}],"about":[{"href":"https:\/\/klima-theke.com\/index.php?rest_route=\/wp\/v2\/types\/product"}],"wp:featuredmedia":[{"embeddable":true,"href":"https:\/\/klima-theke.com\/index.php?rest_route=\/wp\/v2\/media\/108191"}],"wp:attachment":[{"href":"https:\/\/klima-theke.com\/index.php?rest_route=%2Fwp%2Fv2%2Fmedia&parent=4053"}],"wp:term":[{"taxonomy":"product_cat","embeddable":true,"href":"https:\/\/klima-theke.com\/index.php?rest_route=%2Fwp%2Fv2%2Fproduct_cat&post=4053"},{"taxonomy":"product_tag","embeddable":true,"href":"https:\/\/klima-theke.com\/index.php?rest_route=%2Fwp%2Fv2%2Fproduct_tag&post=4053"}],"curies":[{"name":"wp","href":"https:\/\/api.w.org\/{rel}","templated":true}]}}

Esschert Design Feuerschale Schräglage Schwarz Stahl FF402

<p>Mit dieser ovalen Feuerschale von Esschert Design erleben Sie das nostalgische Lagerfeuer-Erlebnis im eigenen Garten! Es ist ideal für stimmungsvolle Abende im Sommer. Diese große Feuerschale von Esschert Design hat ein schönes Design und schafft ein gemütliches Ambiente. Durch ihre robuste Konstruktion ist diese Feuerschale ein Gewinn für jeden Garten! Setzen Sie sich mit Freunden um die Feuerschale, gießen Sie ein schönes Glas und genießen Sie das knisternde Feuer bis spät in den Abend!</p>
<ul>
<li>Farbe: Schwarz </li>
<li>Material: Stahl</li>
<li>Abmessungen: 60 x 56,8 x 38,5 cm (L x B x H)</li>
</ul>

<p>Mit dieser ovalen Feuerschale von Esschert Design erleben Sie das nostalgische Lagerfeuer-Erlebnis im eigenen Garten! Es ist ideal für stimmungsvolle Abende im Sommer. Diese große Feuerschale von Esschert Design hat ein schönes Design und schafft ein gemütliches Ambiente. Durch ihre robuste Konstruktion ist diese Feuerschale ein Gewinn für jeden Garten! Setzen Sie sich mit Freunden [&#8230;]
