{"id":4005,"date":"2023-07-19T11:46:07","date_gmt":"2023-07-19T09:46:07","guid":{"rendered":"https:\/\/klima-theke.com\/produkt\/medisana-3-in-1-heizdecke-hb-674-162x62-cm-grau\/"},"modified":"2023-10-21T12:00:07","modified_gmt":"2023-10-21T10:00:07","slug":"medisana-3-in-1-heizdecke-hb-674-162x62-cm-grau","status":"publish","type":"product","link":"https:\/\/klima-theke.com\/?product=medisana-3-in-1-heizdecke-hb-674-162x62-cm-grau","title":{"rendered":"Medisana 3-in-1 Heizdecke HB 674 162&#215;62 cm Grau"},"content":{"rendered":"<p>Sind Sie auch ein kalter Mensch? Haupts\u00e4chlich in der kalten Jahreszeit? Die mobile Heizdecke HB 674 sorgt unterwegs f\u00fcr flexible W\u00e4rme, denn sie funktioniert als 3-in-1-Decke: Poncho, Decke oder Tuch. Diese Decke ist mit einer Powerbank ausgestattet und somit ideal zum Mitnehmen. Er kann auf 3 interessante Arten verwendet werden, als schicker weicher Poncho, als kuschelige Heizdecke oder als elegante Stola. F\u00fcr jeden Geschmack etwas dabei! Das angenehme Material an der Oberseite und das weiche Material an der Innenseite machen ihn auch ohne W\u00e4rmefunktion zu einem perfekten Begleiter. Durch die 2 Temperatureinstellungen l\u00e4sst sich die gew\u00fcnschte W\u00e4rme einstellen und die Decke kann beidseitig verwendet werden. Der HB 674 ist maschinenwaschbar und somit hygienisch im Gebrauch. Das Sicherheitssystem verhindert eine \u00dcberhitzung, sodass Sie es nur unbeschwert genie\u00dfen m\u00fcssen. Eingeschlafen? Kein Problem! Nach 30 Minuten schaltet sich die Decke automatisch ab. Entspannen Sie sich und lassen Sie sich verw\u00f6hnen!<\/p>\n<ul>\n<li>Farbe: Grau<\/li>\n<li>Material: Polyester<\/li>\n<li>Gr\u00f6\u00dfe: 162 x 62 cm (L x B)<\/li>\n<li>3-in-1: Poncho, Decke oder Stola (Schal)<\/li>\n<li>Flexible W\u00e4rme f\u00fcr unterwegs dank Powerbank<\/li>\n<li>2 Temperatur-\/Leistungseinstellungen<\/li>\n<li>Kann beidseitig verwendet werden<\/li>\n<li>Schnelles Aufheizen in 3 Minuten<\/li>\n<li>Sicherheitssystem mit \u00dcberhitzungsschutz<\/li>\n<li>Maschinenwaschbar<\/li>\n<li>Automatisches Ausschalten nach 30 Minuten<\/li>\n<li>Mit 2 Taschen zum Warmhalten der H\u00e4nde<\/li>\n<li>Mit praktischer Fernbedienung<\/li>\n<li>Ben\u00f6tigter Akku: 1 x 5300 mAh Akku (im Lieferumfang enthalten)<\/li>\n<\/ul>\n","protected":false},"excerpt":{"rendered":"<p>Sind Sie auch ein kalter Mensch? Haupts\u00e4chlich in der kalten Jahreszeit? Die mobile Heizdecke HB 674 sorgt unterwegs f\u00fcr flexible W\u00e4rme, denn sie funktioniert als 3-in-1-Decke: Poncho, Decke oder Tuch. Diese Decke ist mit einer Powerbank ausgestattet und somit ideal zum Mitnehmen. Er kann auf 3 interessante Arten verwendet werden, als schicker weicher Poncho, als [&#8230;]\n","protected":false},"featured_media":117505,"template":"","meta":[],"product_cat":[43],"product_tag":[],"class_list":{"0":"post-4005","1":"product","2":"type-product","3":"status-publish","4":"has-post-thumbnail","6":"product_cat-heizdecken","8":"first","9":"instock","10":"taxable","11":"shipping-taxable","12":"purchasable","13":"product-type-simple"},"_links":{"self":[{"href":"https:\/\/klima-theke.com\/index.php?rest_route=\/wp\/v2\/product\/4005","targetHints":{"allow":["GET"]}}],"collection":[{"href":"https:\/\/klima-theke.com\/index.php?rest_route=\/wp\/v2\/product"}],"about":[{"href":"https:\/\/klima-theke.com\/index.php?rest_route=\/wp\/v2\/types\/product"}],"wp:featuredmedia":[{"embeddable":true,"href":"https:\/\/klima-theke.com\/index.php?rest_route=\/wp\/v2\/media\/117505"}],"wp:attachment":[{"href":"https:\/\/klima-theke.com\/index.php?rest_route=%2Fwp%2Fv2%2Fmedia&parent=4005"}],"wp:term":[{"taxonomy":"product_cat","embeddable":true,"href":"https:\/\/klima-theke.com\/index.php?rest_route=%2Fwp%2Fv2%2Fproduct_cat&post=4005"},{"taxonomy":"product_tag","embeddable":true,"href":"https:\/\/klima-theke.com\/index.php?rest_route=%2Fwp%2Fv2%2Fproduct_tag&post=4005"}],"curies":[{"name":"wp","href":"https:\/\/api.w.org\/{rel}","templated":true}]}}