{"id":3972,"date":"2023-07-19T11:45:40","date_gmt":"2023-07-19T09:45:40","guid":{"rendered":"https:\/\/klima-theke.com\/produkt\/medisana-heizdecke-hb-680-160x120-cm-grau\/"},"modified":"2023-10-21T12:00:08","modified_gmt":"2023-10-21T10:00:08","slug":"medisana-heizdecke-hb-680-160x120-cm-grau","status":"publish","type":"product","link":"https:\/\/klima-theke.com\/?product=medisana-heizdecke-hb-680-160x120-cm-grau","title":{"rendered":"Medisana Heizdecke HB 680 160&#215;120 cm Grau"},"content":{"rendered":"<p>Auf der Suche nach einem kuscheligen Partner? Die gestrickte Heizdecke HB 680 von Medisana ist dank der schnellen Erw\u00e4rmung nicht nur der ideale Kuschelbegleiter, sie sieht auch noch schick aus. Durch das 2-farbige Design ist diese W\u00e4rmedecke beidseitig verwendbar. Beide Seiten sind aus angenehm weichem Material, darunter ein Micropl\u00fcsch-Gewebe. Drei Temperatureinstellungen erm\u00f6glichen es, die gew\u00fcnschte Hitze einzustellen. Das Sicherheitssystem verhindert eine \u00dcberhitzung, sodass Sie es nur unbeschwert genie\u00dfen m\u00fcssen. Eingeschlafen? Kein Problem! Nach 180 Minuten schaltet sich die Decke automatisch ab. Der HB 680 ist dank abnehmbarer Bedienelemente waschbar und somit hygienisch in der Anwendung.<\/p>\n<ul>\n<li>Farbe: Grau<\/li>\n<li>Material: Polyester<\/li>\n<li>Gr\u00f6\u00dfe: 160 x 120 cm (L x B)<\/li>\n<li>Leistung: 120 W<\/li>\n<li>Netzanschluss: 220 V~<\/li>\n<li>Wendedecke mit 2 Seiten<\/li>\n<li>Schnelles Erhitzen<\/li>\n<li>Automatische Abschaltung nach 180 Minuten<\/li>\n<li>Angenehm weiches Material auf beiden Seiten<\/li>\n<li>Kuschelig durch die Micropl\u00fcschseite<\/li>\n<li>3 Temperaturstufen<\/li>\n<li>Einfache Handhabung<\/li>\n<li>Sicherheitssystem mit \u00dcberhitzungsschutz<\/li>\n<li>Waschbar dank abnehmbarem Controller<\/li>\n<\/ul>\n","protected":false},"excerpt":{"rendered":"<p>Auf der Suche nach einem kuscheligen Partner? Die gestrickte Heizdecke HB 680 von Medisana ist dank der schnellen Erw\u00e4rmung nicht nur der ideale Kuschelbegleiter, sie sieht auch noch schick aus. Durch das 2-farbige Design ist diese W\u00e4rmedecke beidseitig verwendbar. Beide Seiten sind aus angenehm weichem Material, darunter ein Micropl\u00fcsch-Gewebe. Drei Temperatureinstellungen erm\u00f6glichen es, die gew\u00fcnschte [&#8230;]\n","protected":false},"featured_media":117504,"template":"","meta":[],"product_cat":[43],"product_tag":[],"class_list":{"0":"post-3972","1":"product","2":"type-product","3":"status-publish","4":"has-post-thumbnail","6":"product_cat-heizdecken","8":"first","9":"instock","10":"taxable","11":"shipping-taxable","12":"purchasable","13":"product-type-simple"},"_links":{"self":[{"href":"https:\/\/klima-theke.com\/index.php?rest_route=\/wp\/v2\/product\/3972","targetHints":{"allow":["GET"]}}],"collection":[{"href":"https:\/\/klima-theke.com\/index.php?rest_route=\/wp\/v2\/product"}],"about":[{"href":"https:\/\/klima-theke.com\/index.php?rest_route=\/wp\/v2\/types\/product"}],"wp:featuredmedia":[{"embeddable":true,"href":"https:\/\/klima-theke.com\/index.php?rest_route=\/wp\/v2\/media\/117504"}],"wp:attachment":[{"href":"https:\/\/klima-theke.com\/index.php?rest_route=%2Fwp%2Fv2%2Fmedia&parent=3972"}],"wp:term":[{"taxonomy":"product_cat","embeddable":true,"href":"https:\/\/klima-theke.com\/index.php?rest_route=%2Fwp%2Fv2%2Fproduct_cat&post=3972"},{"taxonomy":"product_tag","embeddable":true,"href":"https:\/\/klima-theke.com\/index.php?rest_route=%2Fwp%2Fv2%2Fproduct_tag&post=3972"}],"curies":[{"name":"wp","href":"https:\/\/api.w.org\/{rel}","templated":true}]}}