{"id":3895,"date":"2023-07-19T11:44:42","date_gmt":"2023-07-19T09:44:42","guid":{"rendered":"https:\/\/klima-theke.com\/produkt\/freistehender-ventilator-kiwi-weiss-45-w-o-40-cm\/"},"modified":"2023-10-25T17:32:07","modified_gmt":"2023-10-25T15:32:07","slug":"freistehender-ventilator-kiwi-weiss-45-w-o-40-cm","status":"publish","type":"product","link":"https:\/\/klima-theke.com\/?product=freistehender-ventilator-kiwi-weiss-45-w-o-40-cm","title":{"rendered":"Freistehender Ventilator Kiwi Wei\u00df 45 W (\u00d8 40 cm)"},"content":{"rendered":"<p>Wenn Sie Haushaltsger\u00e4te zum besten Gro\u00dfhandelspreis suchen, dann verpassen Sie nicht Ihre Chance auf <b>Freistehender Ventilator Kiwi Wei\u00df 45 W (\u00d8 40 cm)<\/b> sowie ein breites Sortiment an kleinen Haushaltsger\u00e4ten!<\/p>\n<ul>\n<li>Leistung: 45 W<\/li>\n<li>Geschwindigkeiten: 3 Geschwindigkeitsstufen<\/li>\n<li>Farbe: Wei\u00df<\/li>\n<li>Stromquelle: Stromnetz<\/li>\n<li>Durchmesser: \u00d8 40 cm<\/li>\n<li>Merkmale:\n<ul>\n<li>Oszillierend<\/li>\n<li>Raster<\/li>\n<\/ul>\n<\/li>\n<li>Klinge: 3<\/li>\n<li>Winkel: Einstellbar<\/li>\n<\/ul>\n","protected":false},"excerpt":{"rendered":"<p>Wenn Sie Haushaltsger\u00e4te zum besten Gro\u00dfhandelspreis suchen, dann verpassen Sie nicht Ihre Chance auf Freistehender Ventilator Kiwi Wei\u00df 45 W (\u00d8 40 cm) sowie ein breites Sortiment an kleinen Haushaltsger\u00e4ten! Leistung: 45 W Geschwindigkeiten: 3 Geschwindigkeitsstufen Farbe: Wei\u00df Stromquelle: Stromnetz Durchmesser: \u00d8 40 cm Merkmale: Oszillierend Raster Klinge: 3 Winkel: Einstellbar<\/p>\n","protected":false},"featured_media":120882,"template":"","meta":[],"product_cat":[34],"product_tag":[],"class_list":{"0":"post-3895","1":"product","2":"type-product","3":"status-publish","4":"has-post-thumbnail","6":"product_cat-tisch-standventilatoren","8":"first","9":"instock","10":"taxable","11":"shipping-taxable","12":"purchasable","13":"product-type-simple"},"_links":{"self":[{"href":"https:\/\/klima-theke.com\/index.php?rest_route=\/wp\/v2\/product\/3895","targetHints":{"allow":["GET"]}}],"collection":[{"href":"https:\/\/klima-theke.com\/index.php?rest_route=\/wp\/v2\/product"}],"about":[{"href":"https:\/\/klima-theke.com\/index.php?rest_route=\/wp\/v2\/types\/product"}],"wp:featuredmedia":[{"embeddable":true,"href":"https:\/\/klima-theke.com\/index.php?rest_route=\/wp\/v2\/media\/120882"}],"wp:attachment":[{"href":"https:\/\/klima-theke.com\/index.php?rest_route=%2Fwp%2Fv2%2Fmedia&parent=3895"}],"wp:term":[{"taxonomy":"product_cat","embeddable":true,"href":"https:\/\/klima-theke.com\/index.php?rest_route=%2Fwp%2Fv2%2Fproduct_cat&post=3895"},{"taxonomy":"product_tag","embeddable":true,"href":"https:\/\/klima-theke.com\/index.php?rest_route=%2Fwp%2Fv2%2Fproduct_tag&post=3895"}],"curies":[{"name":"wp","href":"https:\/\/api.w.org\/{rel}","templated":true}]}}