{"id":3603,"date":"2023-07-19T11:41:04","date_gmt":"2023-07-19T09:41:04","guid":{"rendered":"https:\/\/klima-theke.com\/produkt\/redfire-gartenkamin-colima-ton-blau-rot-86031\/"},"modified":"2023-10-27T04:23:13","modified_gmt":"2023-10-27T02:23:13","slug":"redfire-gartenkamin-colima-ton-blau-rot-86031","status":"publish","type":"product","link":"https:\/\/klima-theke.com\/?product=redfire-gartenkamin-colima-ton-blau-rot-86031","title":{"rendered":"RedFire Gartenkamin Colima Ton Blau\/Rot 86031"},"content":{"rendered":"<p>Suchen Sie einen stilvollen und farbenfrohen Terrassenofen aus Ton? Mit dem RedFire Colima haben Sie den perfekten Ofen. Der Ton leitet die W\u00e4rme wunderbar, so dass Sie relativ wenig Holz f\u00fcr ein w\u00e4rmendes Feuer brauchen. Die heiteren meeresblauen und r\u00f6tlichen Farbt\u00f6ne des Kamins verleihen Ihrem Au\u00dfenwohnbereich ein farbenfrohes Ambiente. Diese heitere und frische Erg\u00e4nzung der RedFire-Kollektion erf\u00fcllt auch tags\u00fcber eine dekorative Funktion. Die relativ gro\u00dfe \u00d6ffnung erm\u00f6glicht es Ihnen, schnell ein gro\u00dfes Feuer mit sch\u00f6n flackernden Flammen zu machen. Das robuste Stahlgestell verleiht dem Colima eine sichere und stabile Basis. Ein sch\u00fctzender Ton-Schornsteindeckel ist ebenfalls im Lieferumfang enthalten, um den Ofen vor Regen zu sch\u00fctzen. Wenn Sie Ihren Einkauf zus\u00e4tzlich vor Witterungseinfl\u00fcssen sch\u00fctzen m\u00f6chten k\u00f6nnen Sie den f\u00fcr den Kamin passenden RedFire Regen\u00fcberzug Chimeneas S erwerben, der aber nicht im Lieferumfang enthalten ist.<\/p>\n<ul>\n<li>Farbe: Meeresblau und Rot<\/li>\n<li>Material: Ton<\/li>\n<li>Abmessungen: 31 x 71 cm (Durchmesser x H)<\/li>\n<li>Mit einem dekorativen Ornament auf dem Rauchabzug\/Schornstein<\/li>\n<li>Im Lieferumfang ebenfalls enthalten sind: ein stabiles, schwarzes, pulverbeschichtetes Stahl-Gestell und ein Rauchabzug-Deckel<\/li>\n<\/ul>\n","protected":false},"excerpt":{"rendered":"<p>Suchen Sie einen stilvollen und farbenfrohen Terrassenofen aus Ton? Mit dem RedFire Colima haben Sie den perfekten Ofen. Der Ton leitet die W\u00e4rme wunderbar, so dass Sie relativ wenig Holz f\u00fcr ein w\u00e4rmendes Feuer brauchen. Die heiteren meeresblauen und r\u00f6tlichen Farbt\u00f6ne des Kamins verleihen Ihrem Au\u00dfenwohnbereich ein farbenfrohes Ambiente. Diese heitere und frische Erg\u00e4nzung der [&#8230;]\n","protected":false},"featured_media":122787,"template":"","meta":[],"product_cat":[39],"product_tag":[],"class_list":{"0":"post-3603","1":"product","2":"type-product","3":"status-publish","4":"has-post-thumbnail","6":"product_cat-kamine-grills-grillkamine","8":"first","9":"instock","10":"taxable","11":"shipping-taxable","12":"purchasable","13":"product-type-simple"},"_links":{"self":[{"href":"https:\/\/klima-theke.com\/index.php?rest_route=\/wp\/v2\/product\/3603","targetHints":{"allow":["GET"]}}],"collection":[{"href":"https:\/\/klima-theke.com\/index.php?rest_route=\/wp\/v2\/product"}],"about":[{"href":"https:\/\/klima-theke.com\/index.php?rest_route=\/wp\/v2\/types\/product"}],"wp:featuredmedia":[{"embeddable":true,"href":"https:\/\/klima-theke.com\/index.php?rest_route=\/wp\/v2\/media\/122787"}],"wp:attachment":[{"href":"https:\/\/klima-theke.com\/index.php?rest_route=%2Fwp%2Fv2%2Fmedia&parent=3603"}],"wp:term":[{"taxonomy":"product_cat","embeddable":true,"href":"https:\/\/klima-theke.com\/index.php?rest_route=%2Fwp%2Fv2%2Fproduct_cat&post=3603"},{"taxonomy":"product_tag","embeddable":true,"href":"https:\/\/klima-theke.com\/index.php?rest_route=%2Fwp%2Fv2%2Fproduct_tag&post=3603"}],"curies":[{"name":"wp","href":"https:\/\/api.w.org\/{rel}","templated":true}]}}