{"id":3165,"date":"2023-07-19T09:35:16","date_gmt":"2023-07-19T09:35:16","guid":{"rendered":"https:\/\/klima-theke.com\/produkt\/tischventilator-35w-57-x-35-cm-holz-stahl-schwarz\/"},"modified":"2023-09-25T12:36:33","modified_gmt":"2023-09-25T10:36:33","slug":"tischventilator-35w-57-x-35-cm-holz-stahl-schwarz","status":"publish","type":"product","link":"https:\/\/klima-theke.com\/?product=tischventilator-35w-57-x-35-cm-holz-stahl-schwarz","title":{"rendered":"Tischventilator 35W 57 x 35 cm Holz\/Stahl schwarz"},"content":{"rendered":"<p>Bestron Tischventilator<\/p>\n<p>Dieser stilvolle Design-Ventilator sorgt daf\u00fcr, dass Sie mit einer angenehmen Brise durch die hei\u00dfen Tage kommen. Der Korb ist h\u00f6henverstellbar. Mit drei Geschwindigkeiten k\u00f6nnen Sie den Luftstrom ganz nach Ihren W\u00fcnschen einstellen. Die leistungsstarken Fl\u00fcgel sind aerodynamisch und mit einer Schwenkfunktion von 80 Grad erreicht die Luft eine gro\u00dfe Fl\u00e4che. Der L\u00fcfter ist mit einem hochwertigen Kupfer-Wickelmotor ausgestattet und ist ger\u00e4uscharm.<\/p>\n<p>Spezifikationen:<br \/>\nFarbe: schwarz, natur<br \/>\nGeschlecht: unisex<br \/>\nMaterial: Holz, Stahl, Kupfer<br \/>\nH\u00f6he: 57 cm<br \/>\nKorbdurchmesser: 35 cm<br \/>\nLeistungsaufnahme: 35 W<br \/>\nSpannung: 220-240 V<br \/>\nSpannungsversorgung: Netz (Typ C)<\/p>\n","protected":false},"excerpt":{"rendered":"<p>Bestron Tischventilator Dieser stilvolle Design-Ventilator sorgt daf\u00fcr, dass Sie mit einer angenehmen Brise durch die hei\u00dfen Tage kommen. Der Korb ist h\u00f6henverstellbar. Mit drei Geschwindigkeiten k\u00f6nnen Sie den Luftstrom ganz nach Ihren W\u00fcnschen einstellen. Die leistungsstarken Fl\u00fcgel sind aerodynamisch und mit einer Schwenkfunktion von 80 Grad erreicht die Luft eine gro\u00dfe Fl\u00e4che. Der L\u00fcfter ist [&#8230;]\n","protected":false},"featured_media":84327,"template":"","meta":[],"product_cat":[34],"product_tag":[],"class_list":{"0":"post-3165","1":"product","2":"type-product","3":"status-publish","4":"has-post-thumbnail","6":"product_cat-tisch-standventilatoren","8":"first","9":"outofstock","10":"taxable","11":"shipping-taxable","12":"purchasable","13":"product-type-simple"},"_links":{"self":[{"href":"https:\/\/klima-theke.com\/index.php?rest_route=\/wp\/v2\/product\/3165","targetHints":{"allow":["GET"]}}],"collection":[{"href":"https:\/\/klima-theke.com\/index.php?rest_route=\/wp\/v2\/product"}],"about":[{"href":"https:\/\/klima-theke.com\/index.php?rest_route=\/wp\/v2\/types\/product"}],"wp:featuredmedia":[{"embeddable":true,"href":"https:\/\/klima-theke.com\/index.php?rest_route=\/wp\/v2\/media\/84327"}],"wp:attachment":[{"href":"https:\/\/klima-theke.com\/index.php?rest_route=%2Fwp%2Fv2%2Fmedia&parent=3165"}],"wp:term":[{"taxonomy":"product_cat","embeddable":true,"href":"https:\/\/klima-theke.com\/index.php?rest_route=%2Fwp%2Fv2%2Fproduct_cat&post=3165"},{"taxonomy":"product_tag","embeddable":true,"href":"https:\/\/klima-theke.com\/index.php?rest_route=%2Fwp%2Fv2%2Fproduct_tag&post=3165"}],"curies":[{"name":"wp","href":"https:\/\/api.w.org\/{rel}","templated":true}]}}