{"id":3144,"date":"2023-07-19T11:35:00","date_gmt":"2023-07-19T09:35:00","guid":{"rendered":"https:\/\/klima-theke.com\/produkt\/medisana-luftbefeuchter-ah-661-weiss\/"},"modified":"2023-10-10T09:58:10","modified_gmt":"2023-10-10T07:58:10","slug":"medisana-luftbefeuchter-ah-661-weiss","status":"publish","type":"product","link":"https:\/\/klima-theke.com\/?product=medisana-luftbefeuchter-ah-661-weiss","title":{"rendered":"Medisana Luftbefeuchter AH 661 Wei\u00df"},"content":{"rendered":"<p>Dieser Luftbefeuchter AH 661 von Medisana ist die ideale Wahl, um die Luftfeuchtigkeit zu verbessern, Ihre Haut mit Feuchtigkeit zu versorgen, Staub und Bakterien zu reduzieren. Dieser ger\u00e4uscharme und energiesparende Luftbefeuchter arbeitet mit hohem Wirkungsgrad durch mikrofeine Zerst\u00e4ubung. Das Ger\u00e4t ist mit Touch-Bedientasten und Betriebs-Timer f\u00fcr einen hohen Bedienkomfort ausgestattet. Zus\u00e4tzlich f\u00f6rdert der Luftbefeuchter mit Ultraschalltechnologie die hohe Atemluftqualit\u00e4t f\u00fcr Sie und Ihre Familie.<\/p>\n<ul>\n<li>Farbe: Wei\u00df<\/li>\n<li>Abmessungen: 18,5 x 18,5 x 28,1 cm (L x B x H)<\/li>\n<li>Stromversorgung: 220 V-240 V~, 50\/60 Hz<\/li>\n<li>Leistung: 95 W<\/li>\n<li>Wassertankinhalt: 3,2 L <\/li>\n<li>Kabell\u00e4nge: 1,5 m<\/li>\n<li>Schallpegel: 15 dB<\/li>\n<li>Geeignet f\u00fcr R\u00e4ume von bis zu: 25 m\u00b2<\/li>\n<li>Mit integrierter Vorheizfunktion<\/li>\n<li>Mit integriertem Aromaspender<\/li>\n<li>3 Vernebelungsintensit\u00e4ten<\/li>\n<li>Feinstzerst\u00e4ubung<\/li>\n<li>Touch-Tasten<\/li>\n<li>Ger\u00e4uscharm und energiesparend<\/li>\n<li>Timer zur Programmierung der Betriebszeit: 2\/4\/6 Stunden<\/li>\n<\/ul>\n","protected":false},"excerpt":{"rendered":"<p>Dieser Luftbefeuchter AH 661 von Medisana ist die ideale Wahl, um die Luftfeuchtigkeit zu verbessern, Ihre Haut mit Feuchtigkeit zu versorgen, Staub und Bakterien zu reduzieren. Dieser ger\u00e4uscharme und energiesparende Luftbefeuchter arbeitet mit hohem Wirkungsgrad durch mikrofeine Zerst\u00e4ubung. Das Ger\u00e4t ist mit Touch-Bedientasten und Betriebs-Timer f\u00fcr einen hohen Bedienkomfort ausgestattet. Zus\u00e4tzlich f\u00f6rdert der Luftbefeuchter mit [&#8230;]\n","protected":false},"featured_media":103459,"template":"","meta":[],"product_cat":[35],"product_tag":[],"class_list":{"0":"post-3144","1":"product","2":"type-product","3":"status-publish","4":"has-post-thumbnail","6":"product_cat-luftbefeuchter-diffusor","8":"first","9":"instock","10":"taxable","11":"shipping-taxable","12":"purchasable","13":"product-type-simple"},"_links":{"self":[{"href":"https:\/\/klima-theke.com\/index.php?rest_route=\/wp\/v2\/product\/3144","targetHints":{"allow":["GET"]}}],"collection":[{"href":"https:\/\/klima-theke.com\/index.php?rest_route=\/wp\/v2\/product"}],"about":[{"href":"https:\/\/klima-theke.com\/index.php?rest_route=\/wp\/v2\/types\/product"}],"wp:featuredmedia":[{"embeddable":true,"href":"https:\/\/klima-theke.com\/index.php?rest_route=\/wp\/v2\/media\/103459"}],"wp:attachment":[{"href":"https:\/\/klima-theke.com\/index.php?rest_route=%2Fwp%2Fv2%2Fmedia&parent=3144"}],"wp:term":[{"taxonomy":"product_cat","embeddable":true,"href":"https:\/\/klima-theke.com\/index.php?rest_route=%2Fwp%2Fv2%2Fproduct_cat&post=3144"},{"taxonomy":"product_tag","embeddable":true,"href":"https:\/\/klima-theke.com\/index.php?rest_route=%2Fwp%2Fv2%2Fproduct_tag&post=3144"}],"curies":[{"name":"wp","href":"https:\/\/api.w.org\/{rel}","templated":true}]}}