{"id":2960,"date":"2023-07-19T11:31:17","date_gmt":"2023-07-19T09:31:17","guid":{"rendered":"https:\/\/klima-theke.com\/produkt\/oelheizung-oinine-innovagoods-2000-w-9-kammern\/"},"modified":"2023-10-30T10:24:45","modified_gmt":"2023-10-30T08:24:45","slug":"oelheizung-oinine-innovagoods-2000-w-9-kammern","status":"publish","type":"product","link":"https:\/\/klima-theke.com\/?product=oelheizung-oinine-innovagoods-2000-w-9-kammern","title":{"rendered":"\u00d6lheizung Oinine InnovaGoods 2000 W (9 Kammern)"},"content":{"rendered":"<p><b>InnovaGoods<\/b> bietet Ihnen die Neuheiten f\u00fcr Ihr Zuhause, wie zum Beispiel <b>\u00d6lheizung Oinine InnovaGoods 2000 W (9 Kammern) <\/b>! Entdecken Sie eine breite Palette von Qualit\u00e4tsprodukten, die sich durch Funktionalit\u00e4t, Effizienz und innovatives Design auszeichnen: Beleuchtung, Organisation, Dekoration, Klimaanlage, Garten, Haustiere, Reinigung, etc.<\/p>\n<p><p>Der <b>\u00d6lradiator<\/b><br \/>\n<b>Oinine InnovaGoods <\/b>eignet sich perfekt f\u00fcr die Beheizung jedes Raums im<br \/>\nHaus w\u00e4hrend des Winters. Dieser leistungsstarke <b>\u00d6lradiator mit 9 Rippen<\/b><br \/>\nspendet wohlige W\u00e4rme auf saubere, effiziente, sichere und lautlose Weise.<br \/>\nAu\u00dferdem k\u00f6nnen Sie die Leistungs- und Temperaturstufe so w\u00e4hlen, dass die<br \/>\nverbrauchte Energie optimal genutzt wird. Er hat einen Griff und R\u00e4der, damit<br \/>\ner einfach im Haus von einem Ort zum anderen bewegt werden kann. Das<br \/>\nKabelaufbewahrungsfach ist sehr n\u00fctzlich, um das Kabel zu verstauen, wenn der<br \/>\nHeizk\u00f6rper nicht in Gebrauch ist.<\/p>\n<\/p>\n<ul>\n<li><b>\u00d6lradiator<br \/>\nmit 9 Heizrippen<\/b><\/li>\n<li>Modernes,<br \/>\nkompaktes, leichtes und tragbares Design<\/li>\n<li>Robust,<br \/>\nlanglebig, einfach zu bedienen und zu reinigen<\/li>\n<li>Hohe<br \/>\nLeistung und Effizienz: energiesparend<\/li>\n<li><b>2<br \/>\nLeistungsstufen: 1000\/2000 W<\/b><\/li>\n<li><b>Ideal<br \/>\nf\u00fcr R\u00e4ume bis zu 22 m\u00b2<\/b><\/li>\n<li><b>Sicher,<br \/>\n\u00dcberhitzungsschutz<\/b><\/li>\n<li><b>Einstellbarer<br \/>\nThermostat, h\u00e4lt die Temperatur konstant<\/b><\/li>\n<li><b>4 Rollen<br \/>\n360\u00b0 drehbar f\u00fcr einfaches Verschieben<\/b><\/li>\n<li><b>Tragegriff<br \/>\nf\u00fcr bequemen Transport<\/b><\/li>\n<li><b>Kabelstaufach<br \/>\nf\u00fcr einfache Aufbewahrung<\/b><\/li>\n<li>Perfekt f\u00fcr<br \/>\ndie Beheizung von Schlafzimmer, Wohnzimmer, B\u00fcro, etc.<\/li>\n<li>Umweltfreundlich,<br \/>\nkein Abfall und keine Giftstoffe<\/li>\n<\/ul>\n<p>Diesem <b>elektrischen<br \/>\n\u00d6lradiator<\/b> liegt ein Handbuch mit Anleitung und Warnhinweisen f\u00fcr den<br \/>\nkorrekten und sicheren Gebrauch bei. Im Lieferumfang sind au\u00dferdem 4 R\u00e4der, 2<br \/>\nSt\u00fctzplatten und 2 U-f\u00f6rmige Schrauben zur einfachen Montage der R\u00e4der<br \/>\nenthalten. Er enth\u00e4lt eine thermodynamisch leitf\u00e4hige Fl\u00fcssigkeit (Spezial\u00f6l),<br \/>\ndie in seinem Inneren flie\u00dft und durch einen elektrischen Widerstand erhitzt<br \/>\nwird. Nach dem Ausschalten und Abk\u00fchlen l\u00e4sst er sich leicht mit einem feuchten<br \/>\nTuch reinigen.<\/p>\n<p>Vorteile<br \/>\ndieser Art von \u00d6lradiatoren:<\/p>\n<\/p>\n<ul>\n<li>Thermostat:<br \/>\nkonstante\/stabile Temperatur, vermeidet \u00dcberhitzung<\/li>\n<li>Hohe<br \/>\nEnergieeffizienz: effizienter Stromverbrauch<\/li>\n<li>Reguliert<br \/>\nund reduziert den Energieverbrauch, bringt Einsparungen <\/li>\n<li>Maximale<br \/>\nNutzung: wandelt den gesamten verbrauchten Strom in W\u00e4rme um<\/li>\n<li>H\u00f6here<br \/>\nthermische Effizienz: h\u00e4lt die W\u00e4rme l\u00e4nger<\/li>\n<li>Beh\u00e4lt die<br \/>\nW\u00e4rme nach dem Ausschalten bei, bis das hei\u00dfe \u00d6l abgek\u00fchlt ist<\/li>\n<li>Sehr leise:<br \/>\ndie Luft wird durch Konvektion erw\u00e4rmt <\/li>\n<li>Keine<br \/>\nInstallation erforderlich, einfach an das Stromnetz anstecken<\/li>\n<li>Kompakt,<br \/>\ntragbar, mobil, einfach zu benutzen, zu reinigen, zu transportieren und zu<br \/>\nlagern<\/li>\n<li>Erschwert<br \/>\ndie Reinigung nicht und sammelt keinen Schmutz wie wandmontierte Heizk\u00f6rper<\/li>\n<li>Lange<br \/>\nLebensdauer, keine Wartung, keine Ersatzteile, etc.<\/li>\n<li>Hohe<br \/>\nLeistung und Sicherheit bei der Erzeugung von sanfter und homogener W\u00e4rme<\/li>\n<li>Umweltfreundlich:<br \/>\nkeine Ger\u00fcche, kein Rauch, gibt keine Schadstoffr\u00fcckst\u00e4nde ab<\/li>\n<li>Weitere<br \/>\nVorteile: Es entsteht keine Feuchtigkeit, die Luft trocknet nicht aus, es muss<br \/>\nnicht gel\u00fcftet werden<\/li>\n<li>Ein ideales<br \/>\nSystem f\u00fcr die einfache Beheizung kleiner R\u00e4ume<\/li>\n<\/ul>\n<\/p>\n<p><\/p>\n<ul>\n<li>Material:\n<ul>\n<li>Metall<\/li>\n<li>PP<\/li>\n<li>ABS<\/li>\n<\/ul>\n<\/li>\n<li>Leitf\u00e4higes Material: Fluid<\/li>\n<li>Farbe: Wei\u00df<\/li>\n<li>Modernes Design: Innovativ und funktionell<\/li>\n<li>Art: \u00d6lheizung<\/li>\n<li>9 Heizelementen: (9 Kammern)<\/li>\n<li>Verstellbarer Thermostat: Temperaturregler<\/li>\n<li>W\u00e4rmefunktion: Gleichm\u00e4\u00dfige W\u00e4rmeverteilung<\/li>\n<li>Eigenschaften: Leise<\/li>\n<li>Ungef\u00e4hre Reichweite: 22 m\u00b2<\/li>\n<li>4 R\u00e4der, um den W\u00e4schest\u00e4nder einfach umzustellen: 360 Grad drehbar<\/li>\n<li>Tragegriff: M\u00fchelos zu transportieren und aufzubewahren<\/li>\n<li>Fach zur Kabelaufwicklung: Platz sparen und Ordnung schaffen<\/li>\n<li>Leistungspegel: 1000-2000 W<\/li>\n<li>Merkmale: \u00dcberhitzungsschutz<\/li>\n<li>Einfach zu bedienen: Bequeme, einfache und sichere Nutzung<\/li>\n<li>Originell und handlich: Leicht und einfach zu handhaben<\/li>\n<li>Vielseitige Verwendungsm\u00f6glichkeiten: Schlafzimmer, Wohnzimmer, B\u00fcro, Arbeitszimmer usw.<\/li>\n<li>Hochwertige Materialien: Robust und langlebig<\/li>\n<li>Leicht zu reinigen: Mit einem nassen Tuch reinigen<\/li>\n<li>Umweltfreundlich: Umweltfreundlich<\/li>\n<li>Hohe Energieeffizienz: Energiesparen<\/li>\n<li>Steckertyp: F<\/li>\n<li>L\u00e4nge des Kabels: 130 cm<\/li>\n<li>Maximale Leistung: 2000 W<\/li>\n<li>Frequenz: 50-60 Hz<\/li>\n<li>AC input voltage: 220-240 V<\/li>\n<li>Ma\u00dfe ca.: 40,5 x 61,5 x 23,5 cm<\/li>\n<li>Verpackung und Anleitung in 24 Sprachen: Englisch, Franz\u00f6sisch, Spanisch, Deutsch, Italienisch, Portugiesisch, Niederl\u00e4ndisch, Polnisch, Ungarisch, Rum\u00e4nisch, D\u00e4nisch, Schwedisch, Finnisch, Litauisch, Norwegisch, Slowenisch, Griechisch, Tschechisch, Bulgarisch, Kroatisch, Slowakisch, Estnisch, Russisch, Lettisch<\/li>\n<\/ul>\n","protected":false},"excerpt":{"rendered":"<p>InnovaGoods bietet Ihnen die Neuheiten f\u00fcr Ihr Zuhause, wie zum Beispiel \u00d6lheizung Oinine InnovaGoods 2000 W (9 Kammern) ! Entdecken Sie eine breite Palette von Qualit\u00e4tsprodukten, die sich durch Funktionalit\u00e4t, Effizienz und innovatives Design auszeichnen: Beleuchtung, Organisation, Dekoration, Klimaanlage, Garten, Haustiere, Reinigung, etc. Der \u00d6lradiator Oinine InnovaGoods eignet sich perfekt f\u00fcr die Beheizung jedes Raums [&#8230;]\n","protected":false},"featured_media":124948,"template":"","meta":[],"product_cat":[116],"product_tag":[],"class_list":{"0":"post-2960","1":"product","2":"type-product","3":"status-publish","4":"has-post-thumbnail","6":"product_cat-radiator-heizkoerper","8":"first","9":"instock","10":"taxable","11":"shipping-taxable","12":"purchasable","13":"product-type-simple"},"_links":{"self":[{"href":"https:\/\/klima-theke.com\/index.php?rest_route=\/wp\/v2\/product\/2960","targetHints":{"allow":["GET"]}}],"collection":[{"href":"https:\/\/klima-theke.com\/index.php?rest_route=\/wp\/v2\/product"}],"about":[{"href":"https:\/\/klima-theke.com\/index.php?rest_route=\/wp\/v2\/types\/product"}],"wp:featuredmedia":[{"embeddable":true,"href":"https:\/\/klima-theke.com\/index.php?rest_route=\/wp\/v2\/media\/124948"}],"wp:attachment":[{"href":"https:\/\/klima-theke.com\/index.php?rest_route=%2Fwp%2Fv2%2Fmedia&parent=2960"}],"wp:term":[{"taxonomy":"product_cat","embeddable":true,"href":"https:\/\/klima-theke.com\/index.php?rest_route=%2Fwp%2Fv2%2Fproduct_cat&post=2960"},{"taxonomy":"product_tag","embeddable":true,"href":"https:\/\/klima-theke.com\/index.php?rest_route=%2Fwp%2Fv2%2Fproduct_tag&post=2960"}],"curies":[{"name":"wp","href":"https:\/\/api.w.org\/{rel}","templated":true}]}}