{"id":2916,"date":"2023-07-19T09:30:38","date_gmt":"2023-07-19T09:30:38","guid":{"rendered":"https:\/\/klima-theke.com\/produkt\/tragbarer-heizluefter-haeger-hotty-2000-w\/"},"modified":"2023-10-27T01:32:11","modified_gmt":"2023-10-26T23:32:11","slug":"tragbarer-heizluefter-haeger-hotty-2000-w","status":"publish","type":"product","link":"https:\/\/klima-theke.com\/?product=tragbarer-heizluefter-haeger-hotty-2000-w","title":{"rendered":"Tragbarer Heizl\u00fcfter Haeger Hotty 2000 W"},"content":{"rendered":"<p>Wenn Sie Haushaltsger\u00e4te zum besten Gro\u00dfhandelspreis suchen, dann verpassen Sie nicht Ihre Chance auf <b>Tragbarer Heizl\u00fcfter Haeger Hotty 2000 W<\/b> sowie ein breites Sortiment an kleinen Haushaltsger\u00e4ten!<\/p>\n<ul>\n<li>Art: Heizl\u00fcfter<\/li>\n<li>Farbe: Schwarz<\/li>\n<li>Material: Kunststoff<\/li>\n<li>Leistung: 2000 W<\/li>\n<li>Merkmale:\n<ul>\n<li>2 Geschwindigkeitsstufen<\/li>\n<li>Verstellbarer Thermostat<\/li>\n<\/ul>\n<\/li>\n<li>Reichweite: 60 m\u00b2<\/li>\n<\/ul>\n","protected":false},"excerpt":{"rendered":"<p>Wenn Sie Haushaltsger\u00e4te zum besten Gro\u00dfhandelspreis suchen, dann verpassen Sie nicht Ihre Chance auf Tragbarer Heizl\u00fcfter Haeger Hotty 2000 W sowie ein breites Sortiment an kleinen Haushaltsger\u00e4ten! Art: Heizl\u00fcfter Farbe: Schwarz Material: Kunststoff Leistung: 2000 W Merkmale: 2 Geschwindigkeitsstufen Verstellbarer Thermostat Reichweite: 60 m\u00b2<\/p>\n","protected":false},"featured_media":122680,"template":"","meta":[],"product_cat":[117],"product_tag":[],"class_list":{"0":"post-2916","1":"product","2":"type-product","3":"status-publish","4":"has-post-thumbnail","6":"product_cat-heizluefter","8":"first","9":"instock","10":"taxable","11":"shipping-taxable","12":"purchasable","13":"product-type-simple"},"_links":{"self":[{"href":"https:\/\/klima-theke.com\/index.php?rest_route=\/wp\/v2\/product\/2916","targetHints":{"allow":["GET"]}}],"collection":[{"href":"https:\/\/klima-theke.com\/index.php?rest_route=\/wp\/v2\/product"}],"about":[{"href":"https:\/\/klima-theke.com\/index.php?rest_route=\/wp\/v2\/types\/product"}],"wp:featuredmedia":[{"embeddable":true,"href":"https:\/\/klima-theke.com\/index.php?rest_route=\/wp\/v2\/media\/122680"}],"wp:attachment":[{"href":"https:\/\/klima-theke.com\/index.php?rest_route=%2Fwp%2Fv2%2Fmedia&parent=2916"}],"wp:term":[{"taxonomy":"product_cat","embeddable":true,"href":"https:\/\/klima-theke.com\/index.php?rest_route=%2Fwp%2Fv2%2Fproduct_cat&post=2916"},{"taxonomy":"product_tag","embeddable":true,"href":"https:\/\/klima-theke.com\/index.php?rest_route=%2Fwp%2Fv2%2Fproduct_tag&post=2916"}],"curies":[{"name":"wp","href":"https:\/\/api.w.org\/{rel}","templated":true}]}}