{"id":2893,"date":"2023-07-19T11:30:18","date_gmt":"2023-07-19T09:30:18","guid":{"rendered":"https:\/\/klima-theke.com\/produkt\/wandhalterung-edm-45-x-55-cm\/"},"modified":"2023-10-27T10:55:17","modified_gmt":"2023-10-27T08:55:17","slug":"wandhalterung-edm-45-x-55-cm","status":"publish","type":"product","link":"https:\/\/klima-theke.com\/?product=wandhalterung-edm-45-x-55-cm","title":{"rendered":"Wandhalterung EDM (45 x 55 cm)"},"content":{"rendered":"<p>Wenn Sie Haushaltsger\u00e4te zum besten Gro\u00dfhandelspreis suchen, dann verpassen Sie nicht Ihre Chance auf <b>Wandhalterung EDM (45 x 55 cm)<\/b> sowie ein breites Sortiment an kleinen Haushaltsger\u00e4ten!<\/p>\n<ul>\n<li>Art: Wandhalterung<\/li>\n<li>Farbe: Wei\u00df<\/li>\n<li>Material: Thermoplastischer Kunststoff<\/li>\n<li>Ma\u00dfe ca.: 45 x 55 cm<\/li>\n<\/ul>\n","protected":false},"excerpt":{"rendered":"<p>Wenn Sie Haushaltsger\u00e4te zum besten Gro\u00dfhandelspreis suchen, dann verpassen Sie nicht Ihre Chance auf Wandhalterung EDM (45 x 55 cm) sowie ein breites Sortiment an kleinen Haushaltsger\u00e4ten! Art: Wandhalterung Farbe: Wei\u00df Material: Thermoplastischer Kunststoff Ma\u00dfe ca.: 45 x 55 cm<\/p>\n","protected":false},"featured_media":122901,"template":"","meta":[],"product_cat":[34],"product_tag":[],"class_list":{"0":"post-2893","1":"product","2":"type-product","3":"status-publish","4":"has-post-thumbnail","6":"product_cat-tisch-standventilatoren","8":"first","9":"instock","10":"taxable","11":"shipping-taxable","12":"purchasable","13":"product-type-simple"},"_links":{"self":[{"href":"https:\/\/klima-theke.com\/index.php?rest_route=\/wp\/v2\/product\/2893","targetHints":{"allow":["GET"]}}],"collection":[{"href":"https:\/\/klima-theke.com\/index.php?rest_route=\/wp\/v2\/product"}],"about":[{"href":"https:\/\/klima-theke.com\/index.php?rest_route=\/wp\/v2\/types\/product"}],"wp:featuredmedia":[{"embeddable":true,"href":"https:\/\/klima-theke.com\/index.php?rest_route=\/wp\/v2\/media\/122901"}],"wp:attachment":[{"href":"https:\/\/klima-theke.com\/index.php?rest_route=%2Fwp%2Fv2%2Fmedia&parent=2893"}],"wp:term":[{"taxonomy":"product_cat","embeddable":true,"href":"https:\/\/klima-theke.com\/index.php?rest_route=%2Fwp%2Fv2%2Fproduct_cat&post=2893"},{"taxonomy":"product_tag","embeddable":true,"href":"https:\/\/klima-theke.com\/index.php?rest_route=%2Fwp%2Fv2%2Fproduct_tag&post=2893"}],"curies":[{"name":"wp","href":"https:\/\/api.w.org\/{rel}","templated":true}]}}