{"id":2099,"date":"2023-07-19T11:19:56","date_gmt":"2023-07-19T09:19:56","guid":{"rendered":"https:\/\/klima-theke.com\/produkt\/tragbare-klimaanlage-oceanic-2930-w-10000-btu-weiss-a\/"},"modified":"2023-10-11T22:49:27","modified_gmt":"2023-10-11T20:49:27","slug":"tragbare-klimaanlage-oceanic-2930-w-10000-btu-weiss-a","status":"publish","type":"product","link":"https:\/\/klima-theke.com\/?product=tragbare-klimaanlage-oceanic-2930-w-10000-btu-weiss-a","title":{"rendered":"Tragbare Klimaanlage Oceanic 2930 W 10000 BTU Wei\u00df A"},"content":{"rendered":"<p>Wenn Sie Haushaltsger\u00e4te zum besten Gro\u00dfhandelspreis suchen, dann verpassen Sie nicht Ihre Chance auf <b>Tragbare Klimaanlage Oceanic 2930 W 10000 BTU Wei\u00df A<\/b> sowie ein breites Sortiment an kleinen Haushaltsger\u00e4ten!<\/p>\n<ul>\n<li>Farbe: Wei\u00df<\/li>\n<li>Merkmale: Fernbedienung<\/li>\n<li>Energieklassifizierung: A<\/li>\n<li>Geschwindigkeiten: 2<\/li>\n<li>Art: Tragbare Klimaanlage<\/li>\n<li>K\u00fchlleistung: 10000 BTU<\/li>\n<\/ul>\n","protected":false},"excerpt":{"rendered":"<p>Wenn Sie Haushaltsger\u00e4te zum besten Gro\u00dfhandelspreis suchen, dann verpassen Sie nicht Ihre Chance auf Tragbare Klimaanlage Oceanic 2930 W 10000 BTU Wei\u00df A sowie ein breites Sortiment an kleinen Haushaltsger\u00e4ten! Farbe: Wei\u00df Merkmale: Fernbedienung Energieklassifizierung: A Geschwindigkeiten: 2 Art: Tragbare Klimaanlage K\u00fchlleistung: 10000 BTU<\/p>\n","protected":false},"featured_media":107591,"template":"","meta":[],"product_cat":[34],"product_tag":[],"class_list":{"0":"post-2099","1":"product","2":"type-product","3":"status-publish","4":"has-post-thumbnail","6":"product_cat-tisch-standventilatoren","8":"first","9":"instock","10":"taxable","11":"shipping-taxable","12":"purchasable","13":"product-type-simple"},"_links":{"self":[{"href":"https:\/\/klima-theke.com\/index.php?rest_route=\/wp\/v2\/product\/2099","targetHints":{"allow":["GET"]}}],"collection":[{"href":"https:\/\/klima-theke.com\/index.php?rest_route=\/wp\/v2\/product"}],"about":[{"href":"https:\/\/klima-theke.com\/index.php?rest_route=\/wp\/v2\/types\/product"}],"wp:featuredmedia":[{"embeddable":true,"href":"https:\/\/klima-theke.com\/index.php?rest_route=\/wp\/v2\/media\/107591"}],"wp:attachment":[{"href":"https:\/\/klima-theke.com\/index.php?rest_route=%2Fwp%2Fv2%2Fmedia&parent=2099"}],"wp:term":[{"taxonomy":"product_cat","embeddable":true,"href":"https:\/\/klima-theke.com\/index.php?rest_route=%2Fwp%2Fv2%2Fproduct_cat&post=2099"},{"taxonomy":"product_tag","embeddable":true,"href":"https:\/\/klima-theke.com\/index.php?rest_route=%2Fwp%2Fv2%2Fproduct_tag&post=2099"}],"curies":[{"name":"wp","href":"https:\/\/api.w.org\/{rel}","templated":true}]}}