{"id":183,"date":"2023-07-16T07:15:22","date_gmt":"2023-07-16T05:15:22","guid":{"rendered":"https:\/\/klima-theke.com\/produkt\/deckenventilator-farelek-wallis-grau-38-w\/"},"modified":"2023-10-11T15:10:11","modified_gmt":"2023-10-11T13:10:11","slug":"deckenventilator-farelek-wallis-grau-38-w","status":"publish","type":"product","link":"https:\/\/klima-theke.com\/?product=deckenventilator-farelek-wallis-grau-38-w","title":{"rendered":"Deckenventilator FARELEK Wallis Grau 38 W"},"content":{"rendered":"<p>Wenn Sie Haushaltsger\u00e4te zum besten Gro\u00dfhandelspreis suchen, dann verpassen Sie nicht Ihre Chance auf <b>Deckenventilator FARELEK Wallis Grau 38 W<\/b> sowie ein breites Sortiment an kleinen Haushaltsger\u00e4ten!<\/p>\n<ul>\n<li>Farbe: Grau<\/li>\n<li>Merkmale: LED Leicht<\/li>\n<li>Durchmesser: \u00d8 132 cm<\/li>\n<li>Klinge: 5<\/li>\n<li>Ger\u00e4uschpegel: 50 dB<\/li>\n<li>Leistung: 38 W<\/li>\n<li>Art: Deckenventilator<\/li>\n<\/ul>\n","protected":false},"excerpt":{"rendered":"<p>Wenn Sie Haushaltsger\u00e4te zum besten Gro\u00dfhandelspreis suchen, dann verpassen Sie nicht Ihre Chance auf Deckenventilator FARELEK Wallis Grau 38 W sowie ein breites Sortiment an kleinen Haushaltsger\u00e4ten! Farbe: Grau Merkmale: LED Leicht Durchmesser: \u00d8 132 cm Klinge: 5 Ger\u00e4uschpegel: 50 dB Leistung: 38 W Art: Deckenventilator<\/p>\n","protected":false},"featured_media":106943,"template":"","meta":[],"product_cat":[36],"product_tag":[],"class_list":{"0":"post-183","1":"product","2":"type-product","3":"status-publish","4":"has-post-thumbnail","6":"product_cat-deckenventilatoren","8":"first","9":"outofstock","10":"taxable","11":"shipping-taxable","12":"purchasable","13":"product-type-simple"},"_links":{"self":[{"href":"https:\/\/klima-theke.com\/index.php?rest_route=\/wp\/v2\/product\/183","targetHints":{"allow":["GET"]}}],"collection":[{"href":"https:\/\/klima-theke.com\/index.php?rest_route=\/wp\/v2\/product"}],"about":[{"href":"https:\/\/klima-theke.com\/index.php?rest_route=\/wp\/v2\/types\/product"}],"wp:featuredmedia":[{"embeddable":true,"href":"https:\/\/klima-theke.com\/index.php?rest_route=\/wp\/v2\/media\/106943"}],"wp:attachment":[{"href":"https:\/\/klima-theke.com\/index.php?rest_route=%2Fwp%2Fv2%2Fmedia&parent=183"}],"wp:term":[{"taxonomy":"product_cat","embeddable":true,"href":"https:\/\/klima-theke.com\/index.php?rest_route=%2Fwp%2Fv2%2Fproduct_cat&post=183"},{"taxonomy":"product_tag","embeddable":true,"href":"https:\/\/klima-theke.com\/index.php?rest_route=%2Fwp%2Fv2%2Fproduct_tag&post=183"}],"curies":[{"name":"wp","href":"https:\/\/api.w.org\/{rel}","templated":true}]}}

<p>Wenn Sie Haushaltsgeräte zum besten Großhandelspreis suchen, dann verpassen Sie nicht Ihre Chance auf <b>Deckenventilator FARELEK Wallis Grau 38 W</b> sowie ein breites Sortiment an kleinen Haushaltsgeräten!</p>
<ul>
<li>Farbe: Grau</li>
<li>Merkmale: LED Leicht</li>
<li>Durchmesser: Ø 132 cm</li>
<li>Klinge: 5</li>
<li>Geräuschpegel: 50 dB</li>
<li>Leistung: 38 W</li>
<li>Art: Deckenventilator</li>
</ul>

<p>Wenn Sie Haushaltsgeräte zum besten Großhandelspreis suchen, dann verpassen Sie nicht Ihre Chance auf Deckenventilator FARELEK Wallis Grau 38 W sowie ein breites Sortiment an kleinen Haushaltsgeräten! Farbe: Grau Merkmale: LED Leicht Durchmesser: Ø 132 cm Klinge: 5 Geräuschpegel: 50 dB Leistung: 38 W Art: Deckenventilator</p>
