{"id":1646,"date":"2023-07-19T11:14:15","date_gmt":"2023-07-19T09:14:15","guid":{"rendered":"https:\/\/klima-theke.com\/produkt\/tischventilator-basic-home-weiss-45-w\/"},"modified":"2023-10-27T09:47:15","modified_gmt":"2023-10-27T07:47:15","slug":"tischventilator-basic-home-weiss-45-w","status":"publish","type":"product","link":"https:\/\/klima-theke.com\/?product=tischventilator-basic-home-weiss-45-w","title":{"rendered":"Tischventilator Basic Home Wei\u00df 4,5 W"},"content":{"rendered":"<p>Wenn Sie Haushaltsger\u00e4te zum besten Gro\u00dfhandelspreis suchen, dann verpassen Sie nicht Ihre Chance auf <b>Tischventilator Basic Home Wei\u00df 4,5 W<\/b> sowie ein breites Sortiment an kleinen Haushaltsger\u00e4ten!<\/p>\n<ul>\n<li>Ma\u00dfe ca.: 17,5 x 17,5 x 8 cm<\/li>\n<li>Art: Tischventilator<\/li>\n<li>Farbe: Wei\u00df<\/li>\n<li>Merkmale:\n<ul>\n<li>Biegsam<\/li>\n<li>Laptop<\/li>\n<li>Aroma-Diffusor<\/li>\n<li>Anzeigeleuchte<\/li>\n<li>Wiederaufladbare Batterie<\/li>\n<\/ul>\n<\/li>\n<li>Geschwindigkeiten: 3 Geschwindigkeitsstufen<\/li>\n<li>Enthalten: USB Aufladekabel<\/li>\n<li>Leistung: 4,5 W<\/li>\n<\/ul>\n","protected":false},"excerpt":{"rendered":"<p>Wenn Sie Haushaltsger\u00e4te zum besten Gro\u00dfhandelspreis suchen, dann verpassen Sie nicht Ihre Chance auf Tischventilator Basic Home Wei\u00df 4,5 W sowie ein breites Sortiment an kleinen Haushaltsger\u00e4ten! Ma\u00dfe ca.: 17,5 x 17,5 x 8 cm Art: Tischventilator Farbe: Wei\u00df Merkmale: Biegsam Laptop Aroma-Diffusor Anzeigeleuchte Wiederaufladbare Batterie Geschwindigkeiten: 3 Geschwindigkeitsstufen Enthalten: USB Aufladekabel Leistung: 4,5 W<\/p>\n","protected":false},"featured_media":122852,"template":"","meta":[],"product_cat":[34],"product_tag":[],"class_list":{"0":"post-1646","1":"product","2":"type-product","3":"status-publish","4":"has-post-thumbnail","6":"product_cat-tisch-standventilatoren","8":"first","9":"instock","10":"taxable","11":"shipping-taxable","12":"purchasable","13":"product-type-simple"},"_links":{"self":[{"href":"https:\/\/klima-theke.com\/index.php?rest_route=\/wp\/v2\/product\/1646","targetHints":{"allow":["GET"]}}],"collection":[{"href":"https:\/\/klima-theke.com\/index.php?rest_route=\/wp\/v2\/product"}],"about":[{"href":"https:\/\/klima-theke.com\/index.php?rest_route=\/wp\/v2\/types\/product"}],"wp:featuredmedia":[{"embeddable":true,"href":"https:\/\/klima-theke.com\/index.php?rest_route=\/wp\/v2\/media\/122852"}],"wp:attachment":[{"href":"https:\/\/klima-theke.com\/index.php?rest_route=%2Fwp%2Fv2%2Fmedia&parent=1646"}],"wp:term":[{"taxonomy":"product_cat","embeddable":true,"href":"https:\/\/klima-theke.com\/index.php?rest_route=%2Fwp%2Fv2%2Fproduct_cat&post=1646"},{"taxonomy":"product_tag","embeddable":true,"href":"https:\/\/klima-theke.com\/index.php?rest_route=%2Fwp%2Fv2%2Fproduct_tag&post=1646"}],"curies":[{"name":"wp","href":"https:\/\/api.w.org\/{rel}","templated":true}]}}