{"id":1608,"date":"2023-07-19T11:13:48","date_gmt":"2023-07-19T09:13:48","guid":{"rendered":"https:\/\/klima-theke.com\/produkt\/redfire-gartenkamin-fuego-klein-schwarz\/"},"modified":"2023-10-26T09:29:48","modified_gmt":"2023-10-26T07:29:48","slug":"redfire-gartenkamin-fuego-klein-schwarz","status":"publish","type":"product","link":"https:\/\/klima-theke.com\/?product=redfire-gartenkamin-fuego-klein-schwarz","title":{"rendered":"RedFire Gartenkamin Fuego Klein Schwarz"},"content":{"rendered":"<p>Dieser kleine Gartenkamin Fuego von RedFire ist aus strapazierf\u00e4higem Stahl gefertigt und mit mattschwarzer, hochtemperaturbest\u00e4ndiger Farbe pulverbeschichtet, was ihn langlebig und robust macht. Er verf\u00fcgt \u00fcber ein handliches, kompaktes Design und l\u00e4sst sich leicht bewegen und an seinem Platz installieren. Mit seinem mattschwarzen Finish ist er eine sch\u00f6ne Erg\u00e4nzung f\u00fcr jeden Garten, jede Terrasse oder jeden Balkon. Die Feuerstelle Fuego ist mit dem mitgelieferten Werkzeug in nur wenigen Minuten einfach zu montieren. Befestigen Sie den Schornstein auf der Feuerstelle und montieren Sie einfach die drei Beine darunter. So k\u00f6nnen Sie die W\u00e4rme im Handumdrehen genie\u00dfen. Der hitzebest\u00e4ndige Schornstein f\u00fchrt den Rauch sauber ab und verleiht dem modernen Look eine zus\u00e4tzliche Note. Damit Sie lange Freude an Ihrem Kamin haben, reinigen Sie den Rahmen, den Deckel und die Bodenplatte am n\u00e4chsten Tag oder nach dem Abk\u00fchlen, um Sch\u00e4den zu vermeiden. Auch die Art der Lagerung kann sich auf die Haltbarkeit des Fuego auswirken, denn je mehr das Material der Witterung ausgesetzt ist, desto eher kann es zu Rost und anderen Verschlei\u00dferscheinungen kommen.<\/p>\n<ul>\n<li>Farbe: Mattschwarz<\/li>\n<li>Material: Stahl<\/li>\n<li>Gr\u00f6\u00dfe: 30 x 115 cm (Durchmesser x H)<\/li>\n<li>Dicke der Stahlfolie: 1 mm<\/li>\n<li>Handliches kompaktes Design<\/li>\n<li>Schwarze hitzebest\u00e4ndige Pulverbeschichtung<\/li>\n<li>Hoher Schornstein f\u00fcr optimalen Rauchabzug<\/li>\n<li>Einfacher Zusammenbau<\/li>\n<li>Langlebiger Stahl<\/li>\n<li>Einfache Reinigung<\/li>\n<li>Gewicht: 13 kg<\/li>\n<li>Lieferung inklusive Montagewerkzeug<\/li>\n<\/ul>\n","protected":false},"excerpt":{"rendered":"<p>Dieser kleine Gartenkamin Fuego von RedFire ist aus strapazierf\u00e4higem Stahl gefertigt und mit mattschwarzer, hochtemperaturbest\u00e4ndiger Farbe pulverbeschichtet, was ihn langlebig und robust macht. Er verf\u00fcgt \u00fcber ein handliches, kompaktes Design und l\u00e4sst sich leicht bewegen und an seinem Platz installieren. Mit seinem mattschwarzen Finish ist er eine sch\u00f6ne Erg\u00e4nzung f\u00fcr jeden Garten, jede Terrasse oder [&#8230;]\n","protected":false},"featured_media":121879,"template":"","meta":[],"product_cat":[39],"product_tag":[],"class_list":{"0":"post-1608","1":"product","2":"type-product","3":"status-publish","4":"has-post-thumbnail","6":"product_cat-kamine-grills-grillkamine","8":"first","9":"instock","10":"taxable","11":"shipping-taxable","12":"purchasable","13":"product-type-simple"},"_links":{"self":[{"href":"https:\/\/klima-theke.com\/index.php?rest_route=\/wp\/v2\/product\/1608","targetHints":{"allow":["GET"]}}],"collection":[{"href":"https:\/\/klima-theke.com\/index.php?rest_route=\/wp\/v2\/product"}],"about":[{"href":"https:\/\/klima-theke.com\/index.php?rest_route=\/wp\/v2\/types\/product"}],"wp:featuredmedia":[{"embeddable":true,"href":"https:\/\/klima-theke.com\/index.php?rest_route=\/wp\/v2\/media\/121879"}],"wp:attachment":[{"href":"https:\/\/klima-theke.com\/index.php?rest_route=%2Fwp%2Fv2%2Fmedia&parent=1608"}],"wp:term":[{"taxonomy":"product_cat","embeddable":true,"href":"https:\/\/klima-theke.com\/index.php?rest_route=%2Fwp%2Fv2%2Fproduct_cat&post=1608"},{"taxonomy":"product_tag","embeddable":true,"href":"https:\/\/klima-theke.com\/index.php?rest_route=%2Fwp%2Fv2%2Fproduct_tag&post=1608"}],"curies":[{"name":"wp","href":"https:\/\/api.w.org\/{rel}","templated":true}]}}