{"id":1557,"date":"2023-07-19T11:13:08","date_gmt":"2023-07-19T09:13:08","guid":{"rendered":"https:\/\/klima-theke.com\/produkt\/raster-fepre-einstellbar-aluminium-weiss-17-x-13-cm\/"},"modified":"2023-10-20T11:55:06","modified_gmt":"2023-10-20T09:55:06","slug":"raster-fepre-einstellbar-aluminium-weiss-17-x-13-cm","status":"publish","type":"product","link":"https:\/\/klima-theke.com\/?product=raster-fepre-einstellbar-aluminium-weiss-17-x-13-cm","title":{"rendered":"Raster Fepre Einstellbar Aluminium Wei\u00df (17 x 13 cm)"},"content":{"rendered":"<p>Wenn Sie bei der Einrichtung ihres Heims Wert auf Details legen und bei Produkten, die Ihnen das Leben leichter machen, auf dem letzten Stand sein m\u00f6chten, dann kaufen Sie <b>Raster Fepre Einstellbar Aluminium Wei\u00df (17 x 13 cm)<\/b> zum besten Preis.<\/p>\n<ul>\n<li>Art: Raster<\/li>\n<li>Farbe: Wei\u00df<\/li>\n<li>Material: Aluminium<\/li>\n<li>Merkmale: Einstellbar<\/li>\n<li>Ma\u00dfe ca.: 17 x 13 cm<\/li>\n<\/ul>\n","protected":false},"excerpt":{"rendered":"<p>Wenn Sie bei der Einrichtung ihres Heims Wert auf Details legen und bei Produkten, die Ihnen das Leben leichter machen, auf dem letzten Stand sein m\u00f6chten, dann kaufen Sie Raster Fepre Einstellbar Aluminium Wei\u00df (17 x 13 cm) zum besten Preis. Art: Raster Farbe: Wei\u00df Material: Aluminium Merkmale: Einstellbar Ma\u00dfe ca.: 17 x 13 cm<\/p>\n","protected":false},"featured_media":116851,"template":"","meta":[],"product_cat":[34],"product_tag":[],"class_list":{"0":"post-1557","1":"product","2":"type-product","3":"status-publish","4":"has-post-thumbnail","6":"product_cat-tisch-standventilatoren","8":"first","9":"instock","10":"taxable","11":"shipping-taxable","12":"purchasable","13":"product-type-simple"},"_links":{"self":[{"href":"https:\/\/klima-theke.com\/index.php?rest_route=\/wp\/v2\/product\/1557","targetHints":{"allow":["GET"]}}],"collection":[{"href":"https:\/\/klima-theke.com\/index.php?rest_route=\/wp\/v2\/product"}],"about":[{"href":"https:\/\/klima-theke.com\/index.php?rest_route=\/wp\/v2\/types\/product"}],"wp:featuredmedia":[{"embeddable":true,"href":"https:\/\/klima-theke.com\/index.php?rest_route=\/wp\/v2\/media\/116851"}],"wp:attachment":[{"href":"https:\/\/klima-theke.com\/index.php?rest_route=%2Fwp%2Fv2%2Fmedia&parent=1557"}],"wp:term":[{"taxonomy":"product_cat","embeddable":true,"href":"https:\/\/klima-theke.com\/index.php?rest_route=%2Fwp%2Fv2%2Fproduct_cat&post=1557"},{"taxonomy":"product_tag","embeddable":true,"href":"https:\/\/klima-theke.com\/index.php?rest_route=%2Fwp%2Fv2%2Fproduct_tag&post=1557"}],"curies":[{"name":"wp","href":"https:\/\/api.w.org\/{rel}","templated":true}]}}