{"id":1472,"date":"2023-07-19T10:59:22","date_gmt":"2023-07-19T08:59:22","guid":{"rendered":"https:\/\/klima-theke.com\/produkt\/universal-fernbedienung-nimo-klimaanlage-weiss\/"},"modified":"2023-10-26T15:49:45","modified_gmt":"2023-10-26T13:49:45","slug":"universal-fernbedienung-nimo-klimaanlage-weiss","status":"publish","type":"product","link":"https:\/\/klima-theke.com\/?product=universal-fernbedienung-nimo-klimaanlage-weiss","title":{"rendered":"Universal Fernbedienung NIMO Klimaanlage Wei\u00df"},"content":{"rendered":"<p>Wenn Sie Haushaltsger\u00e4te zum besten Gro\u00dfhandelspreis suchen, dann verpassen Sie nicht Ihre Chance auf <b>Universal Fernbedienung NIMO Klimaanlage Wei\u00df<\/b> sowie ein breites Sortiment an kleinen Haushaltsger\u00e4ten!<\/p>\n<ul>\n<li>Art:\n<ul>\n<li>Fernbedienung<\/li>\n<li>Klimaanlage<\/li>\n<\/ul>\n<\/li>\n<li>Farbe: Wei\u00df<\/li>\n<li>Geeignet f\u00fcr: Klimaanlage<\/li>\n<li>Reichweite: 10 m<\/li>\n<li>St\u00fcck: 1 St\u00fcck<\/li>\n<\/ul>\n","protected":false},"excerpt":{"rendered":"<p>Wenn Sie Haushaltsger\u00e4te zum besten Gro\u00dfhandelspreis suchen, dann verpassen Sie nicht Ihre Chance auf Universal Fernbedienung NIMO Klimaanlage Wei\u00df sowie ein breites Sortiment an kleinen Haushaltsger\u00e4ten! Art: Fernbedienung Klimaanlage Farbe: Wei\u00df Geeignet f\u00fcr: Klimaanlage Reichweite: 10 m St\u00fcck: 1 St\u00fcck<\/p>\n","protected":false},"featured_media":122272,"template":"","meta":[],"product_cat":[34],"product_tag":[],"class_list":{"0":"post-1472","1":"product","2":"type-product","3":"status-publish","4":"has-post-thumbnail","6":"product_cat-tisch-standventilatoren","8":"first","9":"instock","10":"taxable","11":"shipping-taxable","12":"purchasable","13":"product-type-simple"},"_links":{"self":[{"href":"https:\/\/klima-theke.com\/index.php?rest_route=\/wp\/v2\/product\/1472","targetHints":{"allow":["GET"]}}],"collection":[{"href":"https:\/\/klima-theke.com\/index.php?rest_route=\/wp\/v2\/product"}],"about":[{"href":"https:\/\/klima-theke.com\/index.php?rest_route=\/wp\/v2\/types\/product"}],"wp:featuredmedia":[{"embeddable":true,"href":"https:\/\/klima-theke.com\/index.php?rest_route=\/wp\/v2\/media\/122272"}],"wp:attachment":[{"href":"https:\/\/klima-theke.com\/index.php?rest_route=%2Fwp%2Fv2%2Fmedia&parent=1472"}],"wp:term":[{"taxonomy":"product_cat","embeddable":true,"href":"https:\/\/klima-theke.com\/index.php?rest_route=%2Fwp%2Fv2%2Fproduct_cat&post=1472"},{"taxonomy":"product_tag","embeddable":true,"href":"https:\/\/klima-theke.com\/index.php?rest_route=%2Fwp%2Fv2%2Fproduct_tag&post=1472"}],"curies":[{"name":"wp","href":"https:\/\/api.w.org\/{rel}","templated":true}]}}